Last updated on 2024-03-28 00:00:01 CET.
Flavor | Version | Tinstall | Tcheck | Ttotal | Status | Flags |
---|---|---|---|---|---|---|
r-devel-linux-x86_64-debian-clang | 0.2.0 | 9.14 | 64.13 | 73.27 | OK | |
r-devel-linux-x86_64-debian-gcc | 0.2.0 | 7.83 | 47.47 | 55.30 | OK | |
r-devel-linux-x86_64-fedora-clang | 0.2.0 | 93.43 | NOTE | |||
r-devel-linux-x86_64-fedora-gcc | 0.2.0 | 87.54 | NOTE | |||
r-devel-windows-x86_64 | 0.2.0 | 9.00 | 65.00 | 74.00 | OK | |
r-patched-linux-x86_64 | 0.2.0 | 16.64 | 57.83 | 74.47 | OK | |
r-release-linux-x86_64 | 0.2.0 | 6.54 | 59.22 | 65.76 | OK | |
r-release-macos-arm64 | 0.2.0 | 29.00 | OK | |||
r-release-macos-x86_64 | 0.2.0 | 42.00 | OK | |||
r-release-windows-x86_64 | 0.2.0 | 12.00 | 72.00 | 84.00 | OK | |
r-oldrel-macos-arm64 | 0.2.0 | 31.00 | NOTE | |||
r-oldrel-windows-x86_64 | 0.2.0 | 12.00 | 76.00 | 88.00 | OK |
Version: 0.2.0
Check: data for non-ASCII characters
Result: NOTE
Note: found 3347 marked UTF-8 strings
Flavors: r-devel-linux-x86_64-fedora-clang, r-devel-linux-x86_64-fedora-gcc, r-oldrel-macos-arm64