Last updated on 2024-03-28 00:00:01 CET.
Flavor | Version | Tinstall | Tcheck | Ttotal | Status | Flags |
---|---|---|---|---|---|---|
r-devel-linux-x86_64-debian-clang | 0.4.0 | 5.75 | 51.67 | 57.42 | NOTE | |
r-devel-linux-x86_64-debian-gcc | 0.4.0 | 3.62 | 38.42 | 42.04 | NOTE | |
r-devel-linux-x86_64-fedora-clang | 0.4.0 | 72.60 | NOTE | |||
r-devel-linux-x86_64-fedora-gcc | 0.4.0 | 93.24 | NOTE | |||
r-devel-windows-x86_64 | 0.4.0 | 6.00 | 65.00 | 71.00 | NOTE | |
r-patched-linux-x86_64 | 0.4.0 | 4.79 | 48.04 | 52.83 | NOTE | |
r-release-linux-x86_64 | 0.4.0 | 4.16 | 47.09 | 51.25 | NOTE | |
r-release-macos-arm64 | 0.4.0 | 36.00 | NOTE | |||
r-release-macos-x86_64 | 0.4.0 | 73.00 | NOTE | |||
r-release-windows-x86_64 | 0.4.0 | 9.00 | 63.00 | 72.00 | NOTE | |
r-oldrel-macos-arm64 | 0.4.0 | 23.00 | NOTE | |||
r-oldrel-windows-x86_64 | 0.4.0 | 7.00 | 68.00 | 75.00 | NOTE |
Version: 0.4.0
Check: LazyData
Result: NOTE
'LazyData' is specified without a 'data' directory
Flavors: r-devel-linux-x86_64-debian-clang, r-devel-linux-x86_64-debian-gcc, r-devel-linux-x86_64-fedora-clang, r-devel-linux-x86_64-fedora-gcc, r-devel-windows-x86_64, r-patched-linux-x86_64, r-release-linux-x86_64, r-release-macos-arm64, r-release-macos-x86_64, r-release-windows-x86_64, r-oldrel-macos-arm64, r-oldrel-windows-x86_64