CRAN Package Check Results for Package urbin

Last updated on 2022-01-19 00:46:40 CET.

Flavor Version Tinstall Tcheck Ttotal Status Flags
r-devel-linux-x86_64-debian-clang 0.1-12 3.34 120.88 124.22 OK
r-devel-linux-x86_64-debian-gcc 0.1-12 2.60 92.85 95.45 OK
r-devel-linux-x86_64-fedora-clang 0.1-12 153.85 OK
r-devel-linux-x86_64-fedora-gcc 0.1-12 141.28 OK
r-devel-windows-x86_64-new-UL 0.1-12 29.00 224.00 253.00 OK
r-devel-windows-x86_64-new-TK 0.1-12 WARN
r-patched-linux-x86_64 0.1-12 2.65 118.07 120.72 OK
r-release-linux-x86_64 0.1-12 OK
r-release-macos-arm64 0.1-12 OK
r-release-macos-x86_64 0.1-12 OK
r-release-windows-ix86+x86_64 0.1-12 6.00 157.00 163.00 OK
r-oldrel-macos-x86_64 0.1-12 OK
r-oldrel-windows-ix86+x86_64 0.1-12 7.00 163.00 170.00 OK

Check Details

Version: 0.1-12
Check: package dependencies
Result: NOTE
    Package suggested but not available for checking: 'sampleSelection'
Flavor: r-devel-windows-x86_64-new-TK

Version: 0.1-12
Check: re-building of vignette outputs
Result: WARN
    Error(s) in re-building vignettes:
    --- re-building 'ExtendedAppendix.Rnw' using knitr
    --- finished re-building 'ExtendedAppendix.Rnw'
    
    --- re-building 'Manuscript.Rnw' using knitr
    Quitting from lines 159-160 (Manuscript.Rnw)
    Error: processing vignette 'Manuscript.Rnw' failed with diagnostics:
    there is no package called 'sampleSelection'
    --- failed re-building 'Manuscript.Rnw'
    
    SUMMARY: processing the following file failed:
     'Manuscript.Rnw'
    
    Error: Vignette re-building failed.
    Execution halted
Flavor: r-devel-windows-x86_64-new-TK