Last updated on 2024-04-19 08:54:59 CEST.
Flavor | Version | Tinstall | Tcheck | Ttotal | Status | Flags |
---|---|---|---|---|---|---|
r-devel-linux-x86_64-debian-clang | 1.7.3 | 84.12 | 40.42 | 124.54 | NOTE | |
r-devel-linux-x86_64-debian-gcc | 1.7.3 | NOTE | ||||
r-devel-linux-x86_64-fedora-clang | 1.7.3 | 189.14 | NOTE | |||
r-devel-linux-x86_64-fedora-gcc | 1.7.3 | 188.40 | NOTE | |||
r-prerel-macos-arm64 | 1.7.3 | 48.00 | NOTE | |||
r-prerel-windows-x86_64 | 1.7.3 | 66.00 | 70.00 | 136.00 | NOTE | |
r-patched-linux-x86_64 | 1.7.3 | 78.07 | 38.84 | 116.91 | NOTE | |
r-release-linux-x86_64 | 1.7.3 | 86.51 | 37.70 | 124.21 | OK | |
r-release-macos-arm64 | 1.7.3 | 50.00 | OK | |||
r-release-macos-x86_64 | 1.7.3 | 83.00 | OK | |||
r-release-windows-x86_64 | 1.7.3 | 78.00 | 80.00 | 158.00 | OK | |
r-oldrel-macos-arm64 | 1.7.3 | 44.00 | OK | |||
r-oldrel-windows-x86_64 | 1.7.3 | 76.00 | 80.00 | 156.00 | OK |
Version: 1.7.3
Check: Rd files
Result: NOTE
checkRd: (-1) encoder.Rd:32-37: Lost braces in \itemize; meant \describe ?
checkRd: (-1) encoder.Rd:38-44: Lost braces in \itemize; meant \describe ?
checkRd: (-1) encoder.Rd:45-48: Lost braces in \itemize; meant \describe ?
Flavors: r-devel-linux-x86_64-debian-clang, r-devel-linux-x86_64-debian-gcc, r-devel-linux-x86_64-fedora-clang, r-devel-linux-x86_64-fedora-gcc, r-prerel-macos-arm64, r-prerel-windows-x86_64, r-patched-linux-x86_64
Version: 1.7.3
Check: Rd cross-references
Result: NOTE
Undeclared package ‘httr’ in Rd xrefs
Flavor: r-devel-linux-x86_64-fedora-clang
Version: 1.7.3
Check: data for non-ASCII characters
Result: NOTE
Note: found 488 marked UTF-8 strings
Flavors: r-devel-linux-x86_64-fedora-clang, r-devel-linux-x86_64-fedora-gcc