Last updated on 2023-03-26 16:54:32 CEST.
Flavor | Version | Tinstall | Tcheck | Ttotal | Status | Flags |
---|---|---|---|---|---|---|
r-devel-linux-x86_64-debian-clang | 1.7.3 | 77.74 | 37.54 | 115.28 | OK | |
r-devel-linux-x86_64-debian-gcc | 1.7.3 | 64.53 | 29.46 | 93.99 | OK | |
r-devel-linux-x86_64-fedora-clang | 1.7.3 | 172.31 | NOTE | |||
r-devel-linux-x86_64-fedora-gcc | 1.7.3 | 165.27 | NOTE | |||
r-patched-linux-x86_64 | 1.7.3 | 69.14 | 36.22 | 105.36 | OK | |
r-release-linux-x86_64 | 1.7.3 | 60.12 | 36.34 | 96.46 | OK | |
r-release-macos-arm64 | 1.7.3 | 44.00 | NOTE | |||
r-release-macos-x86_64 | 1.7.3 | 62.00 | NOTE | |||
r-release-windows-x86_64 | 1.7.3 | 94.00 | 94.00 | 188.00 | OK | |
r-oldrel-macos-arm64 | 1.7.3 | 51.00 | NOTE | |||
r-oldrel-macos-x86_64 | 1.7.3 | 80.00 | NOTE | |||
r-oldrel-windows-ix86+x86_64 | 1.7.3 | 178.00 | 97.00 | 275.00 | OK |
Version: 1.7.3
Check: Rd cross-references
Result: NOTE
Undeclared package ‘httr’ in Rd xrefs
Flavor: r-devel-linux-x86_64-fedora-clang
Version: 1.7.3
Check: data for non-ASCII characters
Result: NOTE
Note: found 488 marked UTF-8 strings
Flavors: r-devel-linux-x86_64-fedora-clang, r-devel-linux-x86_64-fedora-gcc, r-release-macos-arm64, r-release-macos-x86_64, r-oldrel-macos-arm64, r-oldrel-macos-x86_64