CRAN Package Check Results for Package usdampr

Last updated on 2021-10-17 00:48:54 CEST.

Flavor Version Tinstall Tcheck Ttotal Status Flags
r-devel-linux-x86_64-debian-clang 1.0.1 1.96 21.20 23.16 OK
r-devel-linux-x86_64-debian-gcc 1.0.1 1.58 16.96 18.54 OK
r-devel-linux-x86_64-fedora-clang 1.0.1 38.60 NOTE
r-devel-linux-x86_64-fedora-gcc 1.0.1 28.13 NOTE
r-devel-windows-x86_64 1.0.1 13.00 30.00 43.00 OK
r-devel-windows-x86_64-gcc10-UCRT 1.0.1 NOTE
r-patched-linux-x86_64 1.0.1 1.89 20.69 22.58 OK
r-patched-solaris-x86 1.0.1 47.50 NOTE
r-release-linux-x86_64 1.0.1 1.92 20.77 22.69 OK
r-release-macos-arm64 1.0.1 NOTE
r-release-macos-x86_64 1.0.1 NOTE
r-release-windows-ix86+x86_64 1.0.1 9.00 40.00 49.00 OK
r-oldrel-macos-x86_64 1.0.1 NOTE
r-oldrel-windows-ix86+x86_64 1.0.1 6.00 40.00 46.00 OK

Check Details

Version: 1.0.1
Check: data for non-ASCII characters
Result: NOTE
     Note: found 2 marked UTF-8 strings
Flavors: r-devel-linux-x86_64-fedora-clang, r-devel-linux-x86_64-fedora-gcc, r-devel-windows-x86_64-gcc10-UCRT, r-patched-solaris-x86, r-release-macos-arm64, r-release-macos-x86_64, r-oldrel-macos-x86_64