Last updated on 2024-04-24 00:56:02 CEST.
Flavor | Version | Tinstall | Tcheck | Ttotal | Status | Flags |
---|---|---|---|---|---|---|
r-devel-linux-x86_64-debian-clang | 0.5.0 | 5.79 | 53.30 | 59.09 | OK | |
r-devel-linux-x86_64-debian-gcc | 0.5.0 | 2.98 | 38.93 | 41.91 | OK | |
r-devel-linux-x86_64-fedora-clang | 0.5.0 | 78.72 | NOTE | |||
r-devel-linux-x86_64-fedora-gcc | 0.5.0 | 72.42 | OK | |||
r-prerel-macos-arm64 | 0.5.0 | 24.00 | OK | |||
r-prerel-windows-x86_64 | 0.5.0 | 6.00 | 64.00 | 70.00 | OK | |
r-patched-linux-x86_64 | 0.5.0 | 6.41 | 50.10 | 56.51 | OK | |
r-release-linux-x86_64 | 0.5.0 | 6.07 | 50.74 | 56.81 | OK | |
r-release-macos-arm64 | 0.5.0 | 29.00 | OK | |||
r-release-macos-x86_64 | 0.5.0 | 66.00 | OK | |||
r-release-windows-x86_64 | 0.5.0 | 8.00 | 76.00 | 84.00 | OK | |
r-oldrel-macos-arm64 | 0.5.0 | 30.00 | OK | |||
r-oldrel-windows-x86_64 | 0.5.0 | 8.00 | 74.00 | 82.00 | OK |
Version: 0.5.0
Check: Rd cross-references
Result: NOTE
Undeclared package ‘pROC’ in Rd xrefs
Flavor: r-devel-linux-x86_64-fedora-clang