CRAN Package Check Results for Package usmap

Last updated on 2021-10-26 04:27:33 CEST.

Flavor Version Tinstall Tcheck Ttotal Status Flags
r-devel-linux-x86_64-debian-clang 0.5.2 3.24 66.87 70.11 OK
r-devel-linux-x86_64-debian-gcc 0.5.2 2.59 50.99 53.58 OK
r-devel-linux-x86_64-fedora-clang 0.5.2 92.47 NOTE
r-devel-linux-x86_64-fedora-gcc 0.5.2 82.03 NOTE
r-devel-windows-x86_64 0.5.2 7.00 88.00 95.00 NOTE
r-devel-windows-x86_64-gcc10-UCRT 0.5.2 NOTE
r-patched-linux-x86_64 0.5.2 4.16 63.97 68.13 OK
r-patched-solaris-x86 0.5.2 124.50 NOTE
r-release-linux-x86_64 0.5.2 3.08 64.47 67.55 OK
r-release-macos-arm64 0.5.2 NOTE
r-release-macos-x86_64 0.5.2 NOTE
r-release-windows-ix86+x86_64 0.5.2 6.00 104.00 110.00 NOTE
r-oldrel-macos-x86_64 0.5.2 NOTE
r-oldrel-windows-ix86+x86_64 0.5.2 10.00 99.00 109.00 NOTE

Check Details

Version: 0.5.2
Check: installed package size
Result: NOTE
     installed size is 8.4Mb
     sub-directories of 1Mb or more:
     doc 1.7Mb
     extdata 6.4Mb
Flavors: r-devel-linux-x86_64-fedora-clang, r-devel-windows-x86_64, r-patched-solaris-x86, r-release-macos-arm64, r-release-macos-x86_64, r-release-windows-ix86+x86_64, r-oldrel-macos-x86_64, r-oldrel-windows-ix86+x86_64

Version: 0.5.2
Check: data for non-ASCII characters
Result: NOTE
     Note: found 1 marked UTF-8 string
Flavors: r-devel-linux-x86_64-fedora-clang, r-devel-linux-x86_64-fedora-gcc, r-devel-windows-x86_64-gcc10-UCRT, r-patched-solaris-x86, r-release-macos-arm64, r-release-macos-x86_64, r-oldrel-macos-x86_64