Last updated on 2024-04-18 01:03:23 CEST.
Flavor | Version | Tinstall | Tcheck | Ttotal | Status | Flags |
---|---|---|---|---|---|---|
r-devel-linux-x86_64-debian-clang | 0.7.1 | 3.26 | 117.88 | 121.14 | OK | |
r-devel-linux-x86_64-debian-gcc | 0.7.1 | 3.08 | 88.46 | 91.54 | OK | |
r-devel-linux-x86_64-fedora-clang | 0.7.1 | 156.55 | NOTE | |||
r-devel-linux-x86_64-fedora-gcc | 0.7.1 | 155.62 | NOTE | |||
r-prerel-macos-arm64 | 0.7.1 | 52.00 | OK | |||
r-prerel-macos-x86_64 | 0.7.1 | 141.00 | OK | |||
r-prerel-windows-x86_64 | 0.7.1 | 5.00 | 110.00 | 115.00 | OK | |
r-patched-linux-x86_64 | 0.7.1 | 3.08 | 113.16 | 116.24 | OK | |
r-release-linux-x86_64 | 0.7.1 | 3.76 | 109.58 | 113.34 | OK | |
r-release-macos-arm64 | 0.7.1 | 54.00 | OK | |||
r-release-macos-x86_64 | 0.7.1 | 121.00 | OK | |||
r-release-windows-x86_64 | 0.7.1 | 6.00 | 126.00 | 132.00 | OK | |
r-oldrel-macos-arm64 | 0.7.1 | 56.00 | OK | |||
r-oldrel-windows-x86_64 | 0.7.1 | 6.00 | 126.00 | 132.00 | OK |
Version: 0.7.1
Check: data for non-ASCII characters
Result: NOTE
Note: found 17 marked UTF-8 strings
Flavors: r-devel-linux-x86_64-fedora-clang, r-devel-linux-x86_64-fedora-gcc