Last updated on 2024-04-19 08:54:59 CEST.
Flavor | Version | Tinstall | Tcheck | Ttotal | Status | Flags |
---|---|---|---|---|---|---|
r-devel-linux-x86_64-debian-clang | 0.2.2 | 2.22 | 35.61 | 37.83 | OK | |
r-devel-linux-x86_64-debian-gcc | 0.2.2 | OK | ||||
r-devel-linux-x86_64-fedora-clang | 0.2.2 | 49.55 | NOTE | |||
r-devel-linux-x86_64-fedora-gcc | 0.2.2 | 43.77 | OK | |||
r-prerel-macos-arm64 | 0.2.2 | 19.00 | OK | |||
r-prerel-macos-x86_64 | 0.2.2 | 41.00 | OK | |||
r-prerel-windows-x86_64 | 0.2.2 | 4.00 | 47.00 | 51.00 | OK | |
r-patched-linux-x86_64 | 0.2.2 | 2.74 | 33.68 | 36.42 | OK | |
r-release-linux-x86_64 | 0.2.2 | 2.55 | 33.77 | 36.32 | OK | |
r-release-macos-arm64 | 0.2.2 | 25.00 | OK | |||
r-release-macos-x86_64 | 0.2.2 | 36.00 | OK | |||
r-release-windows-x86_64 | 0.2.2 | 5.00 | 49.00 | 54.00 | OK | |
r-oldrel-macos-arm64 | 0.2.2 | 25.00 | OK | |||
r-oldrel-windows-x86_64 | 0.2.2 | 5.00 | 54.00 | 59.00 | OK |
Version: 0.2.2
Check: Rd cross-references
Result: NOTE
Undeclared package ‘usmap’ in Rd xrefs
Flavor: r-devel-linux-x86_64-fedora-clang