Last updated on 2024-04-18 16:50:13 CEST.
Flavor | Version | Tinstall | Tcheck | Ttotal | Status | Flags |
---|---|---|---|---|---|---|
r-devel-linux-x86_64-debian-clang | 1.0.0 | 3.27 | 33.79 | 37.06 | NOTE | |
r-devel-linux-x86_64-debian-gcc | 1.0.0 | 2.82 | 26.15 | 28.97 | NOTE | |
r-devel-linux-x86_64-fedora-clang | 1.0.0 | 49.56 | NOTE | |||
r-devel-linux-x86_64-fedora-gcc | 1.0.0 | 44.49 | NOTE | |||
r-prerel-macos-arm64 | 1.0.0 | 18.00 | NOTE | |||
r-prerel-windows-x86_64 | 1.0.0 | 4.00 | 45.00 | 49.00 | NOTE | |
r-patched-linux-x86_64 | 1.0.0 | 3.69 | 32.77 | 36.46 | NOTE | |
r-release-linux-x86_64 | 1.0.0 | 3.06 | 32.54 | 35.60 | NOTE | |
r-release-macos-arm64 | 1.0.0 | 19.00 | NOTE | |||
r-release-macos-x86_64 | 1.0.0 | 26.00 | NOTE | |||
r-release-windows-x86_64 | 1.0.0 | 5.00 | 47.00 | 52.00 | NOTE | |
r-oldrel-macos-arm64 | 1.0.0 | 19.00 | NOTE | |||
r-oldrel-windows-x86_64 | 1.0.0 | 5.00 | 55.00 | 60.00 | NOTE |
Version: 1.0.0
Check: DESCRIPTION meta-information
Result: NOTE
Malformed Title field: should not end in a period.
Flavors: r-devel-linux-x86_64-debian-clang, r-devel-linux-x86_64-debian-gcc, r-devel-linux-x86_64-fedora-clang, r-devel-linux-x86_64-fedora-gcc, r-prerel-macos-arm64, r-prerel-windows-x86_64, r-patched-linux-x86_64, r-release-linux-x86_64, r-release-macos-arm64, r-release-macos-x86_64, r-release-windows-x86_64, r-oldrel-macos-arm64, r-oldrel-windows-x86_64