CRAN Package Check Results for Package ustyc

Last updated on 2023-05-28 23:14:13 CEST.

Flavor Version Tinstall Tcheck Ttotal Status Flags
r-devel-linux-x86_64-debian-clang 1.0.0 3.42 33.50 36.92 NOTE
r-devel-linux-x86_64-debian-gcc 1.0.0 2.28 26.20 28.48 NOTE
r-devel-linux-x86_64-fedora-clang 1.0.0 49.84 NOTE
r-devel-linux-x86_64-fedora-gcc 1.0.0 44.53 NOTE
r-devel-windows-x86_64 1.0.0 4.00 44.00 48.00 NOTE
r-patched-linux-x86_64 1.0.0 3.00 32.35 35.35 NOTE
r-release-linux-x86_64 1.0.0 2.43 32.46 34.89 NOTE
r-release-macos-arm64 1.0.0 19.00 NOTE
r-release-macos-x86_64 1.0.0 26.00 NOTE
r-release-windows-x86_64 1.0.0 4.00 48.00 52.00 NOTE
r-oldrel-macos-arm64 1.0.0 19.00 NOTE
r-oldrel-macos-x86_64 1.0.0 26.00 NOTE
r-oldrel-windows-x86_64 1.0.0 5.00 52.00 57.00 NOTE

Check Details

Version: 1.0.0
Check: DESCRIPTION meta-information
Result: NOTE
    Malformed Title field: should not end in a period.
Flavors: r-devel-linux-x86_64-debian-clang, r-devel-linux-x86_64-debian-gcc, r-devel-linux-x86_64-fedora-clang, r-devel-linux-x86_64-fedora-gcc, r-devel-windows-x86_64, r-patched-linux-x86_64, r-release-linux-x86_64, r-release-macos-arm64, r-release-macos-x86_64, r-release-windows-x86_64, r-oldrel-macos-arm64, r-oldrel-macos-x86_64, r-oldrel-windows-x86_64