CRAN Package Check Results for Package utile.tables

Last updated on 2021-10-26 20:51:12 CEST.

Flavor Version Tinstall Tcheck Ttotal Status Flags
r-devel-linux-x86_64-debian-clang 0.2.1 2.54 30.97 33.51 NOTE
r-devel-linux-x86_64-debian-gcc 0.2.1 2.59 24.34 26.93 NOTE
r-devel-linux-x86_64-fedora-clang 0.2.1 52.56 NOTE
r-devel-linux-x86_64-fedora-gcc 0.2.1 41.53 NOTE
r-devel-windows-x86_64 0.2.1 6.00 54.00 60.00 NOTE
r-devel-windows-x86_64-gcc10-UCRT 0.2.1 NOTE
r-patched-linux-x86_64 0.2.1 3.64 29.97 33.61 NOTE
r-patched-solaris-x86 0.2.1 65.50 NOTE
r-release-linux-x86_64 0.2.1 3.03 29.89 32.92 NOTE
r-release-macos-arm64 0.2.1 NOTE
r-release-macos-x86_64 0.2.1 NOTE
r-release-windows-ix86+x86_64 0.2.1 6.00 51.00 57.00 NOTE
r-oldrel-macos-x86_64 0.2.1 OK
r-oldrel-windows-ix86+x86_64 0.2.1 9.00 53.00 62.00 OK

Check Details

Version: 0.2.1
Check: LazyData
Result: NOTE
     'LazyData' is specified without a 'data' directory
Flavors: r-devel-linux-x86_64-debian-clang, r-devel-linux-x86_64-debian-gcc, r-devel-linux-x86_64-fedora-clang, r-devel-linux-x86_64-fedora-gcc, r-devel-windows-x86_64, r-devel-windows-x86_64-gcc10-UCRT, r-patched-linux-x86_64, r-patched-solaris-x86, r-release-linux-x86_64, r-release-macos-arm64, r-release-macos-x86_64, r-release-windows-ix86+x86_64