Last updated on 2024-03-28 15:50:04 CET.
Flavor | Version | Tinstall | Tcheck | Ttotal | Status | Flags |
---|---|---|---|---|---|---|
r-devel-linux-x86_64-debian-clang | 0.1.7 | 11.24 | 141.58 | 152.82 | NOTE | |
r-devel-linux-x86_64-debian-gcc | 0.1.7 | 9.46 | 106.53 | 115.99 | NOTE | |
r-devel-linux-x86_64-fedora-clang | 0.1.7 | 186.71 | NOTE | |||
r-devel-linux-x86_64-fedora-gcc | 0.1.7 | 196.59 | NOTE | |||
r-devel-windows-x86_64 | 0.1.7 | 12.00 | 142.00 | 154.00 | NOTE | |
r-patched-linux-x86_64 | 0.1.7 | 18.74 | 138.29 | 157.03 | NOTE | |
r-release-linux-x86_64 | 0.1.7 | 9.71 | 135.48 | 145.19 | OK | |
r-release-macos-arm64 | 0.1.7 | 58.00 | OK | |||
r-release-macos-x86_64 | 0.1.7 | 103.00 | OK | |||
r-release-windows-x86_64 | 0.1.7 | 15.00 | 174.00 | 189.00 | OK | |
r-oldrel-macos-arm64 | 0.1.7 | 49.00 | OK | |||
r-oldrel-windows-x86_64 | 0.1.7 | 15.00 | 154.00 | 169.00 | OK |
Version: 0.1.7
Check: Rd files
Result: NOTE
checkRd: (-1) partition_fold.Rd:21-22: Lost braces
21 | \code{train}{The mldr dataset with train examples, that includes all
| ^
checkRd: (-1) partition_fold.Rd:23-24: Lost braces
23 | \code{test}{The mldr dataset with test examples, defined by the
| ^
checkRd: (-1) partition_fold.Rd:25-26: Lost braces
25 | \code{validation}{Optionally, only if \code{has.validation = TRUE}.
| ^
Flavors: r-devel-linux-x86_64-debian-clang, r-devel-linux-x86_64-debian-gcc, r-devel-linux-x86_64-fedora-clang, r-devel-linux-x86_64-fedora-gcc, r-devel-windows-x86_64, r-patched-linux-x86_64