Last updated on 2023-05-22 17:01:37 CEST.
Flavor | Version | Tinstall | Tcheck | Ttotal | Status | Flags |
---|---|---|---|---|---|---|
r-devel-linux-x86_64-debian-clang | 1.0.4 | 57.46 | 550.33 | 607.79 | OK | |
r-devel-linux-x86_64-debian-gcc | 1.0.4 | 48.01 | 418.83 | 466.84 | OK | |
r-devel-linux-x86_64-fedora-clang | 1.0.4 | 812.98 | NOTE | |||
r-devel-linux-x86_64-fedora-gcc | 1.0.4 | 773.91 | NOTE | |||
r-devel-windows-x86_64 | 1.0.4 | 51.00 | 387.00 | 438.00 | OK | |
r-patched-linux-x86_64 | 1.0.4 | 59.06 | 521.74 | 580.80 | OK | |
r-release-linux-x86_64 | 1.0.4 | 52.20 | 522.93 | 575.13 | OK | |
r-release-macos-arm64 | 1.0.4 | 6.00 | ERROR | |||
r-release-macos-x86_64 | 1.0.4 | 408.00 | OK | |||
r-release-windows-x86_64 | 1.0.4 | 69.00 | 512.00 | 581.00 | OK | |
r-oldrel-macos-arm64 | 1.0.4 | 187.00 | NOTE | |||
r-oldrel-macos-x86_64 | 1.0.4 | 311.00 | NOTE | |||
r-oldrel-windows-x86_64 | 1.0.4 | 29.00 | 7.00 | 36.00 | ERROR |
Version: 1.0.4
Check: dependencies in R code
Result: NOTE
Namespaces in Imports field not imported from:
'parallel' 'xml2'
All declared Imports should be used.
Flavors: r-devel-linux-x86_64-fedora-clang, r-devel-linux-x86_64-fedora-gcc, r-oldrel-macos-arm64, r-oldrel-macos-x86_64
Version: 1.0.4
Check: package dependencies
Result: ERROR
Package required but not available: ‘AnnotationHub’
See section ‘The DESCRIPTION file’ in the ‘Writing R Extensions’
manual.
Flavor: r-release-macos-arm64
Version: 1.0.4
Check: whether package can be installed
Result: ERROR
Installation failed.
Flavor: r-oldrel-windows-x86_64