Last updated on 2023-09-29 00:57:04 CEST.
Flavor | Version | Tinstall | Tcheck | Ttotal | Status | Flags |
---|---|---|---|---|---|---|
r-devel-linux-x86_64-debian-clang | 1.1-1 | 12.18 | 22.88 | 35.06 | OK | |
r-devel-linux-x86_64-debian-gcc | 1.1-1 | 7.41 | 17.91 | 25.32 | OK | |
r-devel-linux-x86_64-fedora-clang | 1.1-1 | 41.96 | OK | |||
r-devel-linux-x86_64-fedora-gcc | 1.1-1 | 42.32 | OK | |||
r-devel-windows-x86_64 | 1.1-1 | 15.00 | 37.00 | 52.00 | WARN | |
r-patched-linux-x86_64 | 1.1-1 | 9.14 | 22.28 | 31.42 | OK | |
r-release-linux-x86_64 | 1.1-1 | 8.98 | 22.48 | 31.46 | OK | |
r-release-macos-arm64 | 1.1-1 | 30.00 | OK | |||
r-release-macos-x86_64 | 1.1-1 | 70.00 | OK | |||
r-release-windows-x86_64 | 1.1-1 | 16.00 | 37.00 | 53.00 | WARN | |
r-oldrel-macos-arm64 | 1.1-1 | 29.00 | OK | |||
r-oldrel-macos-x86_64 | 1.1-1 | 53.00 | OK | |||
r-oldrel-windows-x86_64 | 1.1-1 | 14.00 | 41.00 | 55.00 | OK |
Version: 1.1-1
Check: whether package can be installed
Result: WARN
Found the following significant warnings:
randutils.c:60:12: warning: function declaration isn't a prototype [-Wstrict-prototypes]
See 'd:/Rcompile/CRANpkg/local/4.4/uuid.Rcheck/00install.out' for details.
* used C compiler: 'gcc.exe (GCC) 12.2.0'
Flavor: r-devel-windows-x86_64
Version: 1.1-1
Check: whether package can be installed
Result: WARN
Found the following significant warnings:
randutils.c:60:12: warning: function declaration isn't a prototype [-Wstrict-prototypes]
See 'd:/Rcompile/CRANpkg/local/4.3/uuid.Rcheck/00install.out' for details.
* used C compiler: 'gcc.exe (GCC) 12.2.0'
Flavor: r-release-windows-x86_64