Last updated on 2023-06-11 01:01:29 CEST.
Flavor | Version | Tinstall | Tcheck | Ttotal | Status | Flags |
---|---|---|---|---|---|---|
r-devel-linux-x86_64-debian-clang | 0.1.14 | 110.90 | 198.79 | 309.69 | NOTE | |
r-devel-linux-x86_64-debian-gcc | 0.1.14 | 112.08 | 164.75 | 276.83 | NOTE | |
r-devel-linux-x86_64-fedora-clang | 0.1.14 | 408.57 | NOTE | |||
r-devel-linux-x86_64-fedora-gcc | 0.1.14 | 429.30 | NOTE | |||
r-devel-windows-x86_64 | 0.1.14 | 91.00 | 204.00 | 295.00 | NOTE | |
r-patched-linux-x86_64 | 0.1.14 | 110.39 | 192.78 | 303.17 | NOTE | |
r-release-linux-x86_64 | 0.1.14 | 110.51 | 193.21 | 303.72 | NOTE | |
r-release-macos-arm64 | 0.1.14 | 146.00 | NOTE | |||
r-release-macos-x86_64 | 0.1.14 | 223.00 | NOTE | |||
r-release-windows-x86_64 | 0.1.14 | 118.00 | 262.00 | 380.00 | NOTE | |
r-oldrel-macos-arm64 | 0.1.14 | 135.00 | NOTE | |||
r-oldrel-macos-x86_64 | 0.1.14 | 147.00 | NOTE | |||
r-oldrel-windows-x86_64 | 0.1.14 | 112.00 | 250.00 | 362.00 | OK |
Version: 0.1.14
Check: C++ specification
Result: NOTE
Specified C++11: please drop specification unless essential
Flavors: r-devel-linux-x86_64-debian-clang, r-devel-linux-x86_64-debian-gcc, r-devel-linux-x86_64-fedora-clang, r-devel-linux-x86_64-fedora-gcc, r-devel-windows-x86_64, r-patched-linux-x86_64, r-release-linux-x86_64, r-release-macos-arm64, r-release-macos-x86_64, r-release-windows-x86_64
Version: 0.1.14
Check: installed package size
Result: NOTE
installed size is 23.2Mb
sub-directories of 1Mb or more:
libs 22.7Mb
Flavors: r-release-macos-arm64, r-release-macos-x86_64, r-oldrel-macos-arm64, r-oldrel-macos-x86_64