Last updated on 2023-06-08 08:55:37 CEST.
Flavor | Version | Tinstall | Tcheck | Ttotal | Status | Flags |
---|---|---|---|---|---|---|
r-devel-linux-x86_64-debian-clang | 0.0.1 | 36.79 | 38.05 | 74.84 | NOTE | |
r-devel-linux-x86_64-debian-gcc | 0.0.1 | 27.57 | 30.52 | 58.09 | NOTE | |
r-devel-linux-x86_64-fedora-clang | 0.0.1 | 107.25 | NOTE | |||
r-devel-linux-x86_64-fedora-gcc | 0.0.1 | 117.31 | NOTE | |||
r-devel-windows-x86_64 | 0.0.1 | 31.00 | 88.00 | 119.00 | NOTE | |
r-patched-linux-x86_64 | 0.0.1 | 31.96 | 36.48 | 68.44 | NOTE | |
r-release-linux-x86_64 | 0.0.1 | 30.47 | 36.27 | 66.74 | NOTE | |
r-release-macos-arm64 | 0.0.1 | 41.00 | NOTE | |||
r-release-macos-x86_64 | 0.0.1 | 61.00 | NOTE | |||
r-release-windows-x86_64 | 0.0.1 | 38.00 | 85.00 | 123.00 | NOTE | |
r-oldrel-macos-arm64 | 0.0.1 | 40.00 | OK | |||
r-oldrel-macos-x86_64 | 0.0.1 | 44.00 | OK | |||
r-oldrel-windows-x86_64 | 0.0.1 | 37.00 | 83.00 | 120.00 | OK |
Version: 0.0.1
Check: C++ specification
Result: NOTE
Specified C++11: please drop specification unless essential
Flavors: r-devel-linux-x86_64-debian-clang, r-devel-linux-x86_64-debian-gcc, r-devel-linux-x86_64-fedora-clang, r-devel-linux-x86_64-fedora-gcc, r-devel-windows-x86_64, r-patched-linux-x86_64, r-release-linux-x86_64, r-release-macos-arm64, r-release-macos-x86_64, r-release-windows-x86_64