Last updated on 2023-09-26 17:09:33 CEST.
Flavor | Version | Tinstall | Tcheck | Ttotal | Status | Flags |
---|---|---|---|---|---|---|
r-devel-linux-x86_64-debian-clang | 0.2.1 | 3.92 | 32.89 | 36.81 | NOTE | |
r-devel-linux-x86_64-debian-gcc | 0.2.1 | 2.68 | 25.28 | 27.96 | NOTE | |
r-devel-linux-x86_64-fedora-clang | 0.2.1 | 44.50 | NOTE | |||
r-devel-linux-x86_64-fedora-gcc | 0.2.1 | 43.56 | NOTE | |||
r-devel-windows-x86_64 | 0.2.1 | 4.00 | 52.00 | 56.00 | NOTE | |
r-patched-linux-x86_64 | 0.2.1 | 3.04 | 31.83 | 34.87 | NOTE | |
r-release-linux-x86_64 | 0.2.1 | 3.39 | 31.79 | 35.18 | NOTE | |
r-release-macos-arm64 | 0.2.1 | 19.00 | NOTE | |||
r-release-macos-x86_64 | 0.2.1 | 29.00 | NOTE | |||
r-release-windows-x86_64 | 0.2.1 | 5.00 | 50.00 | 55.00 | NOTE | |
r-oldrel-macos-arm64 | 0.2.1 | 18.00 | NOTE | |||
r-oldrel-macos-x86_64 | 0.2.1 | 26.00 | NOTE | |||
r-oldrel-windows-x86_64 | 0.2.1 | 6.00 | 56.00 | 62.00 | NOTE |
Version: 0.2.1
Check: package subdirectories
Result: NOTE
Problems with news in ‘NEWS.md’:
No news entries found.
Flavors: r-devel-linux-x86_64-debian-clang, r-devel-linux-x86_64-debian-gcc, r-devel-linux-x86_64-fedora-clang, r-devel-linux-x86_64-fedora-gcc, r-devel-windows-x86_64, r-patched-linux-x86_64, r-release-linux-x86_64, r-release-macos-arm64, r-release-macos-x86_64, r-release-windows-x86_64
Version: 0.2.1
Check: LazyData
Result: NOTE
'LazyData' is specified without a 'data' directory
Flavors: r-devel-linux-x86_64-debian-clang, r-devel-linux-x86_64-debian-gcc, r-devel-linux-x86_64-fedora-clang, r-devel-linux-x86_64-fedora-gcc, r-devel-windows-x86_64, r-patched-linux-x86_64, r-release-linux-x86_64, r-release-macos-arm64, r-release-macos-x86_64, r-release-windows-x86_64, r-oldrel-macos-arm64, r-oldrel-macos-x86_64, r-oldrel-windows-x86_64