Last updated on 2023-06-05 16:55:10 CEST.
Flavor | Version | Tinstall | Tcheck | Ttotal | Status | Flags |
---|---|---|---|---|---|---|
r-devel-linux-x86_64-debian-clang | 0.1.0 | 3.74 | 39.84 | 43.58 | OK | |
r-devel-linux-x86_64-debian-gcc | 0.1.0 | 2.34 | 31.17 | 33.51 | OK | |
r-devel-linux-x86_64-fedora-clang | 0.1.0 | 53.98 | NOTE | |||
r-devel-linux-x86_64-fedora-gcc | 0.1.0 | 64.72 | NOTE | |||
r-devel-windows-x86_64 | 0.1.0 | 5.00 | 55.00 | 60.00 | OK | |
r-patched-linux-x86_64 | 0.1.0 | 3.38 | 38.35 | 41.73 | OK | |
r-release-linux-x86_64 | 0.1.0 | 2.20 | 37.79 | 39.99 | OK | |
r-release-macos-arm64 | 0.1.0 | 29.00 | OK | |||
r-release-macos-x86_64 | 0.1.0 | 45.00 | OK | |||
r-release-windows-x86_64 | 0.1.0 | 7.00 | 60.00 | 67.00 | OK | |
r-oldrel-macos-arm64 | 0.1.0 | 24.00 | NOTE | |||
r-oldrel-macos-x86_64 | 0.1.0 | 36.00 | NOTE | |||
r-oldrel-windows-x86_64 | 0.1.0 | 8.00 | 65.00 | 73.00 | OK |
Version: 0.1.0
Check: dependencies in R code
Result: NOTE
Namespaces in Imports field not imported from:
‘BBmisc’ ‘badger’
All declared Imports should be used.
Flavors: r-devel-linux-x86_64-fedora-clang, r-devel-linux-x86_64-fedora-gcc, r-oldrel-macos-arm64, r-oldrel-macos-x86_64