Last updated on 2024-04-20 00:56:28 CEST.
Flavor | Version | Tinstall | Tcheck | Ttotal | Status | Flags |
---|---|---|---|---|---|---|
r-devel-linux-x86_64-debian-clang | 0.1.0 | 4.07 | 42.88 | 46.95 | OK | |
r-devel-linux-x86_64-debian-gcc | 0.1.0 | OK | ||||
r-devel-linux-x86_64-fedora-clang | 0.1.0 | 61.87 | NOTE | |||
r-devel-linux-x86_64-fedora-gcc | 0.1.0 | 67.86 | NOTE | |||
r-prerel-macos-arm64 | 0.1.0 | 28.00 | OK | |||
r-prerel-windows-x86_64 | 0.1.0 | 5.00 | 56.00 | 61.00 | OK | |
r-patched-linux-x86_64 | 0.1.0 | 2.26 | 41.24 | 43.50 | OK | |
r-release-linux-x86_64 | 0.1.0 | 2.28 | 38.99 | 41.27 | OK | |
r-release-macos-arm64 | 0.1.0 | 29.00 | OK | |||
r-release-macos-x86_64 | 0.1.0 | 45.00 | OK | |||
r-release-windows-x86_64 | 0.1.0 | 6.00 | 60.00 | 66.00 | OK | |
r-oldrel-macos-arm64 | 0.1.0 | 24.00 | NOTE | |||
r-oldrel-windows-x86_64 | 0.1.0 | 6.00 | 68.00 | 74.00 | OK |
Version: 0.1.0
Check: dependencies in R code
Result: NOTE
Namespaces in Imports field not imported from:
‘BBmisc’ ‘badger’
All declared Imports should be used.
Flavors: r-devel-linux-x86_64-fedora-clang, r-devel-linux-x86_64-fedora-gcc, r-oldrel-macos-arm64