Last updated on 2024-05-04 08:51:50 CEST.
Flavor | Version | Tinstall | Tcheck | Ttotal | Status | Flags |
---|---|---|---|---|---|---|
r-devel-linux-x86_64-debian-clang | 1.0-1 | 12.73 | 86.09 | 98.82 | OK | |
r-devel-linux-x86_64-debian-gcc | 1.0-1 | 8.79 | 66.43 | 75.22 | OK | |
r-devel-linux-x86_64-fedora-clang | 1.0-1 | 125.45 | NOTE | |||
r-devel-linux-x86_64-fedora-gcc | 1.0-1 | 116.33 | NOTE | |||
r-devel-windows-x86_64 | 1.0-1 | 12.00 | 81.00 | 93.00 | OK | |
r-patched-linux-x86_64 | 1.0-1 | 10.38 | 82.61 | 92.99 | OK | |
r-release-linux-x86_64 | 1.0-1 | 10.76 | 81.72 | 92.48 | OK | |
r-release-macos-arm64 | 1.0-1 | 40.00 | OK | |||
r-release-windows-x86_64 | 1.0-1 | 11.00 | 80.00 | 91.00 | OK | |
r-oldrel-macos-arm64 | 1.0-1 | 47.00 | OK | |||
r-oldrel-macos-x86_64 | 1.0-1 | 75.00 | OK | |||
r-oldrel-windows-x86_64 | 1.0-1 | 14.00 | 96.00 | 110.00 | OK |
Version: 1.0-1
Check: compiled code
Result: NOTE
File ‘valorate/libs/valorate.so’:
Found no calls to: ‘R_registerRoutines’, ‘R_useDynamicSymbols’
It is good practice to register native routines and to disable symbol
search.
See ‘Writing portable packages’ in the ‘Writing R Extensions’ manual.
Flavors: r-devel-linux-x86_64-fedora-clang, r-devel-linux-x86_64-fedora-gcc