CRAN Package Check Results for Package vannstats

Last updated on 2021-10-27 16:49:22 CEST.

Flavor Version Tinstall Tcheck Ttotal Status Flags
r-devel-linux-x86_64-debian-clang 1.0.7.15 7.18 53.61 60.79 OK
r-devel-linux-x86_64-debian-gcc 1.0.7.15 5.89 39.88 45.77 OK
r-devel-linux-x86_64-fedora-clang 1.0.7.15 83.59 NOTE
r-devel-linux-x86_64-fedora-gcc 1.0.7.15 70.56 NOTE
r-devel-windows-x86_64 1.0.7.15 12.00 83.00 95.00 OK
r-devel-windows-x86_64-gcc10-UCRT 1.0.7.15 NOTE
r-patched-linux-x86_64 1.0.7.15 6.71 49.68 56.39 OK
r-patched-solaris-x86 1.0.7.15 103.40 NOTE
r-release-linux-x86_64 1.0.7.15 6.49 49.57 56.06 OK
r-release-macos-arm64 1.0.7.15 NOTE
r-release-macos-x86_64 1.0.7.15 NOTE
r-release-windows-ix86+x86_64 1.0.7.15 13.00 83.00 96.00 OK
r-oldrel-macos-x86_64 1.0.7.15 NOTE
r-oldrel-windows-ix86+x86_64 1.0.7.15 20.00 77.00 97.00 OK

Check Details

Version: 1.0.7.15
Check: dependencies in R code
Result: NOTE
    Namespaces in Imports field not imported from:
     ‘MASS’ ‘car’ ‘rlang’ ‘tidyverse’
     All declared Imports should be used.
Flavors: r-devel-linux-x86_64-fedora-clang, r-devel-linux-x86_64-fedora-gcc, r-devel-windows-x86_64-gcc10-UCRT, r-patched-solaris-x86, r-release-macos-arm64, r-release-macos-x86_64, r-oldrel-macos-x86_64