Last updated on 2023-06-04 08:57:25 CEST.
Flavor | Version | Tinstall | Tcheck | Ttotal | Status | Flags |
---|---|---|---|---|---|---|
r-devel-linux-x86_64-debian-clang | 0.1.0 | 17.61 | 139.85 | 157.46 | NOTE | |
r-devel-linux-x86_64-debian-gcc | 0.1.0 | 12.42 | 103.37 | 115.79 | NOTE | |
r-devel-linux-x86_64-fedora-clang | 0.1.0 | 195.59 | NOTE | |||
r-devel-linux-x86_64-fedora-gcc | 0.1.0 | 187.65 | NOTE | |||
r-devel-windows-x86_64 | 0.1.0 | 16.00 | 109.00 | 125.00 | NOTE | |
r-patched-linux-x86_64 | 0.1.0 | 14.63 | 130.09 | 144.72 | NOTE | |
r-release-linux-x86_64 | 0.1.0 | 13.79 | 131.53 | 145.32 | NOTE | |
r-release-macos-arm64 | 0.1.0 | 54.00 | NOTE | |||
r-release-macos-x86_64 | 0.1.0 | 93.00 | NOTE | |||
r-release-windows-x86_64 | 0.1.0 | 20.00 | 132.00 | 152.00 | NOTE | |
r-oldrel-macos-arm64 | 0.1.0 | 53.00 | NOTE | |||
r-oldrel-macos-x86_64 | 0.1.0 | 101.00 | NOTE | |||
r-oldrel-windows-x86_64 | 0.1.0 | 21.00 | 134.00 | 155.00 | NOTE |
Version: 0.1.0
Check: LazyData
Result: NOTE
'LazyData' is specified without a 'data' directory
Flavors: r-devel-linux-x86_64-debian-clang, r-devel-linux-x86_64-debian-gcc, r-devel-linux-x86_64-fedora-clang, r-devel-linux-x86_64-fedora-gcc, r-devel-windows-x86_64, r-patched-linux-x86_64, r-release-linux-x86_64, r-release-macos-arm64, r-release-macos-x86_64, r-release-windows-x86_64, r-oldrel-macos-arm64, r-oldrel-macos-x86_64, r-oldrel-windows-x86_64