Last updated on 2024-03-28 15:50:04 CET.
Flavor | Version | Tinstall | Tcheck | Ttotal | Status | Flags |
---|---|---|---|---|---|---|
r-devel-linux-x86_64-debian-clang | 0.4 | 8.46 | 122.18 | 130.64 | NOTE | |
r-devel-linux-x86_64-debian-gcc | 0.4 | 7.14 | 94.78 | 101.92 | NOTE | |
r-devel-linux-x86_64-fedora-clang | 0.4 | 161.30 | NOTE | |||
r-devel-linux-x86_64-fedora-gcc | 0.4 | 159.57 | NOTE | |||
r-devel-windows-x86_64 | 0.4 | 9.00 | 114.00 | 123.00 | NOTE | |
r-patched-linux-x86_64 | 0.4 | 7.64 | 115.43 | 123.07 | NOTE | |
r-release-linux-x86_64 | 0.4 | 9.56 | 118.02 | 127.58 | NOTE | |
r-release-macos-arm64 | 0.4 | 54.00 | NOTE | |||
r-release-macos-x86_64 | 0.4 | 76.00 | NOTE | |||
r-release-windows-x86_64 | 0.4 | 11.00 | 145.00 | 156.00 | NOTE | |
r-oldrel-macos-arm64 | 0.4 | 46.00 | NOTE | |||
r-oldrel-windows-x86_64 | 0.4 | 12.00 | 141.00 | 153.00 | NOTE |
Version: 0.4
Check: LazyData
Result: NOTE
'LazyData' is specified without a 'data' directory
Flavors: r-devel-linux-x86_64-debian-clang, r-devel-linux-x86_64-debian-gcc, r-devel-linux-x86_64-fedora-clang, r-devel-linux-x86_64-fedora-gcc, r-devel-windows-x86_64, r-patched-linux-x86_64, r-release-linux-x86_64, r-release-macos-arm64, r-release-macos-x86_64, r-release-windows-x86_64, r-oldrel-macos-arm64, r-oldrel-windows-x86_64