Last updated on 2024-04-17 16:53:25 CEST.
Flavor | Version | Tinstall | Tcheck | Ttotal | Status | Flags |
---|---|---|---|---|---|---|
r-devel-linux-x86_64-debian-clang | 0.9.0 | 37.40 | 64.76 | 102.16 | NOTE | |
r-devel-linux-x86_64-debian-gcc | 0.9.0 | 25.74 | 50.52 | 76.26 | NOTE | |
r-devel-linux-x86_64-fedora-clang | 0.9.0 | 141.47 | NOTE | |||
r-devel-linux-x86_64-fedora-gcc | 0.9.0 | 149.25 | NOTE | |||
r-prerel-macos-arm64 | 0.9.0 | 43.00 | NOTE | |||
r-prerel-windows-x86_64 | 0.9.0 | 27.00 | 90.00 | 117.00 | NOTE | |
r-patched-linux-x86_64 | 0.9.0 | 36.73 | 64.91 | 101.64 | NOTE | |
r-release-linux-x86_64 | 0.9.0 | 38.52 | 62.71 | 101.23 | NOTE | |
r-release-macos-arm64 | 0.9.0 | 47.00 | NOTE | |||
r-release-macos-x86_64 | 0.9.0 | 75.00 | NOTE | |||
r-release-windows-x86_64 | 0.9.0 | 38.00 | 102.00 | 140.00 | NOTE | |
r-oldrel-macos-arm64 | 0.9.0 | 48.00 | NOTE | |||
r-oldrel-windows-x86_64 | 0.9.0 | 36.00 | 98.00 | 134.00 | NOTE |
Version: 0.9.0
Check: Rd files
Result: NOTE
checkRd: (-1) sample_gen.Rd:18: Lost braces; missing escapes or markup?
18 | Generate \code{n} random samples from multivariate Gaussian distribution N(0, (L^TL)^{-1})
| ^
Flavors: r-devel-linux-x86_64-debian-clang, r-devel-linux-x86_64-debian-gcc, r-devel-linux-x86_64-fedora-clang, r-devel-linux-x86_64-fedora-gcc, r-prerel-macos-arm64, r-prerel-windows-x86_64, r-patched-linux-x86_64
Version: 0.9.0
Check: LazyData
Result: NOTE
'LazyData' is specified without a 'data' directory
Flavors: r-devel-linux-x86_64-debian-clang, r-devel-linux-x86_64-debian-gcc, r-devel-linux-x86_64-fedora-clang, r-devel-linux-x86_64-fedora-gcc, r-prerel-macos-arm64, r-prerel-windows-x86_64, r-patched-linux-x86_64, r-release-linux-x86_64, r-release-macos-arm64, r-release-macos-x86_64, r-release-windows-x86_64, r-oldrel-macos-arm64, r-oldrel-windows-x86_64
Version: 0.9.0
Check: compiled code
Result: NOTE
File ‘varband/libs/varband.so’:
Found no calls to: ‘R_registerRoutines’, ‘R_useDynamicSymbols’
It is good practice to register native routines and to disable symbol
search.
See ‘Writing portable packages’ in the ‘Writing R Extensions’ manual.
Flavors: r-devel-linux-x86_64-fedora-clang, r-devel-linux-x86_64-fedora-gcc