Last updated on 2024-07-18 00:55:09 CEST.
Flavor | Version | Tinstall | Tcheck | Ttotal | Status | Flags |
---|---|---|---|---|---|---|
r-devel-linux-x86_64-debian-clang | 0.0.2 | 7.28 | 69.18 | 76.46 | NOTE | |
r-devel-linux-x86_64-debian-gcc | 0.0.2 | 5.15 | 50.44 | 55.59 | NOTE | |
r-devel-linux-x86_64-fedora-clang | 0.0.2 | 98.39 | NOTE | |||
r-devel-linux-x86_64-fedora-gcc | 0.0.2 | 104.95 | NOTE | |||
r-devel-windows-x86_64 | 0.0.2 | 10.00 | 82.00 | 92.00 | NOTE | |
r-patched-linux-x86_64 | 0.0.2 | 6.76 | 63.71 | 70.47 | NOTE | |
r-release-linux-x86_64 | 0.0.2 | 4.93 | 65.54 | 70.47 | NOTE | |
r-release-macos-arm64 | 0.0.2 | 35.00 | NOTE | |||
r-release-macos-x86_64 | 0.0.2 | 55.00 | NOTE | |||
r-release-windows-x86_64 | 0.0.2 | 10.00 | 81.00 | 91.00 | NOTE | |
r-oldrel-macos-arm64 | 0.0.2 | 36.00 | OK | |||
r-oldrel-macos-x86_64 | 0.0.2 | 53.00 | OK | |||
r-oldrel-windows-x86_64 | 0.0.2 | 9.00 | 90.00 | 99.00 | OK |
Version: 0.0.2
Check: Rd files
Result: NOTE
checkRd: (-1) get.miniseq.sample.files.Rd:15: Lost braces
15 | \item{file.suffix}{Regex expression for end of file name. For example, `file.suffix = '_S\\d{1,2}_.*_R1_.*'` will match R1 files.1 files.}
| ^
Flavors: r-devel-linux-x86_64-debian-clang, r-devel-linux-x86_64-debian-gcc, r-devel-linux-x86_64-fedora-clang, r-devel-linux-x86_64-fedora-gcc, r-devel-windows-x86_64, r-patched-linux-x86_64, r-release-linux-x86_64, r-release-macos-arm64, r-release-macos-x86_64, r-release-windows-x86_64