Last updated on 2024-03-28 15:50:04 CET.
Flavor | Version | Tinstall | Tcheck | Ttotal | Status | Flags |
---|---|---|---|---|---|---|
r-devel-linux-x86_64-debian-clang | 1.15.0 | 176.36 | 225.03 | 401.39 | OK | |
r-devel-linux-x86_64-debian-gcc | 1.15.0 | 128.22 | 173.23 | 301.45 | OK | |
r-devel-linux-x86_64-fedora-clang | 1.15.0 | 597.68 | OK | |||
r-devel-linux-x86_64-fedora-gcc | 1.15.0 | 545.30 | OK | |||
r-devel-windows-x86_64 | 1.15.0 | 128.00 | 231.00 | 359.00 | OK | |
r-patched-linux-x86_64 | 1.15.0 | 163.26 | 213.73 | 376.99 | OK | |
r-release-linux-x86_64 | 1.15.0 | 153.62 | 215.82 | 369.44 | OK | |
r-release-macos-arm64 | 1.15.0 | 147.00 | NOTE | |||
r-release-macos-x86_64 | 1.15.0 | 222.00 | NOTE | |||
r-release-windows-x86_64 | 1.15.0 | 162.00 | 300.00 | 462.00 | OK | |
r-oldrel-macos-arm64 | 1.15.0 | 134.00 | NOTE | |||
r-oldrel-windows-x86_64 | 1.15.0 | 155.00 | 281.00 | 436.00 | OK |
Version: 1.15.0
Check: installed package size
Result: NOTE
installed size is 6.6Mb
sub-directories of 1Mb or more:
libs 4.6Mb
Flavors: r-release-macos-arm64, r-release-macos-x86_64, r-oldrel-macos-arm64