Last updated on 2023-10-03 17:06:10 CEST.
Flavor | Version | Tinstall | Tcheck | Ttotal | Status | Flags |
---|---|---|---|---|---|---|
r-devel-linux-x86_64-debian-clang | 1.14.0 | 172.23 | 235.52 | 407.75 | OK | |
r-devel-linux-x86_64-debian-gcc | 1.14.0 | 116.95 | 177.93 | 294.88 | OK | |
r-devel-linux-x86_64-fedora-clang | 1.14.0 | 550.90 | OK | |||
r-devel-linux-x86_64-fedora-gcc | 1.14.0 | 550.36 | OK | |||
r-devel-windows-x86_64 | 1.14.0 | 122.00 | 238.00 | 360.00 | OK | |
r-patched-linux-x86_64 | 1.14.0 | 170.84 | 226.09 | 396.93 | OK | |
r-release-linux-x86_64 | 1.14.0 | 169.83 | 228.26 | 398.09 | OK | |
r-release-macos-arm64 | 1.14.0 | 151.00 | NOTE | |||
r-release-macos-x86_64 | 1.14.0 | 242.00 | NOTE | |||
r-release-windows-x86_64 | 1.14.0 | 159.00 | 292.00 | 451.00 | OK | |
r-oldrel-macos-arm64 | 1.14.0 | 116.00 | NOTE | |||
r-oldrel-macos-x86_64 | 1.14.0 | 174.00 | NOTE | |||
r-oldrel-windows-x86_64 | 1.14.0 | 151.00 | 286.00 | 437.00 | OK |
Version: 1.14.0
Check: installed package size
Result: NOTE
installed size is 6.8Mb
sub-directories of 1Mb or more:
libs 4.8Mb
Flavors: r-release-macos-arm64, r-release-macos-x86_64, r-oldrel-macos-arm64, r-oldrel-macos-x86_64