Last updated on 2024-03-28 23:55:23 CET.
Flavor | Version | Tinstall | Tcheck | Ttotal | Status | Flags |
---|---|---|---|---|---|---|
r-devel-linux-x86_64-debian-clang | 1.2.2 | 23.48 | 94.17 | 117.65 | OK | |
r-devel-linux-x86_64-debian-gcc | 1.2.2 | 21.33 | 72.19 | 93.52 | OK | |
r-devel-linux-x86_64-fedora-clang | 1.2.2 | 145.97 | NOTE | |||
r-devel-linux-x86_64-fedora-gcc | 1.2.2 | 156.97 | OK | |||
r-devel-windows-x86_64 | 1.2.2 | 20.00 | 108.00 | 128.00 | NOTE | |
r-patched-linux-x86_64 | 1.2.2 | 23.05 | 91.05 | 114.10 | OK | |
r-release-linux-x86_64 | 1.2.2 | 18.91 | 89.52 | 108.43 | OK | |
r-release-macos-arm64 | 1.2.2 | 64.00 | NOTE | |||
r-release-macos-x86_64 | 1.2.2 | 131.00 | NOTE | |||
r-release-windows-x86_64 | 1.2.2 | 27.00 | 128.00 | 155.00 | NOTE | |
r-oldrel-macos-arm64 | 1.2.2 | 66.00 | NOTE | |||
r-oldrel-windows-x86_64 | 1.2.2 | 29.00 | 123.00 | 152.00 | NOTE |
Version: 1.2.2
Check: installed package size
Result: NOTE
installed size is 8.6Mb
sub-directories of 1Mb or more:
doc 7.5Mb
Flavors: r-devel-linux-x86_64-fedora-clang, r-devel-windows-x86_64, r-release-macos-arm64, r-release-macos-x86_64, r-release-windows-x86_64, r-oldrel-macos-arm64, r-oldrel-windows-x86_64