Last updated on 2024-07-18 00:55:09 CEST.
Flavor | Version | Tinstall | Tcheck | Ttotal | Status | Flags |
---|---|---|---|---|---|---|
r-devel-linux-x86_64-debian-clang | 1.0.7 | 25.86 | 33.90 | 59.76 | NOTE | |
r-devel-linux-x86_64-debian-gcc | 1.0.7 | 12.88 | 25.36 | 38.24 | NOTE | |
r-devel-linux-x86_64-fedora-clang | 1.0.7 | 126.63 | NOTE | |||
r-devel-linux-x86_64-fedora-gcc | 1.0.7 | 66.33 | NOTE | |||
r-devel-windows-x86_64 | 1.0.7 | 20.00 | 68.00 | 88.00 | NOTE | |
r-patched-linux-x86_64 | 1.0.7 | 18.66 | 31.82 | 50.48 | NOTE | |
r-release-linux-x86_64 | 1.0.7 | 15.78 | 31.95 | 47.73 | NOTE | |
r-release-macos-arm64 | 1.0.7 | 48.00 | NOTE | |||
r-release-macos-x86_64 | 1.0.7 | 75.00 | NOTE | |||
r-release-windows-x86_64 | 1.0.7 | 21.00 | 69.00 | 90.00 | NOTE | |
r-oldrel-macos-arm64 | 1.0.7 | 49.00 | NOTE | |||
r-oldrel-macos-x86_64 | 1.0.7 | 123.00 | NOTE | |||
r-oldrel-windows-x86_64 | 1.0.7 | 24.00 | 74.00 | 98.00 | NOTE |
Version: 1.0.7
Check: C++ specification
Result: NOTE
Specified C++11: please drop specification unless essential
Flavors: r-devel-linux-x86_64-debian-clang, r-devel-linux-x86_64-debian-gcc, r-devel-linux-x86_64-fedora-clang, r-devel-linux-x86_64-fedora-gcc, r-devel-windows-x86_64, r-patched-linux-x86_64, r-release-linux-x86_64, r-release-macos-arm64, r-release-macos-x86_64, r-release-windows-x86_64, r-oldrel-macos-arm64, r-oldrel-macos-x86_64, r-oldrel-windows-x86_64
Version: 1.0.7
Check: compiled code
Result: NOTE
File ‘vdiffr/libs/vdiffr.so’:
Found non-API calls to R: ‘Rf_findVarInFrame3’, ‘SETLENGTH’,
‘SET_GROWABLE_BIT’, ‘SET_TRUELENGTH’
Compiled code should not call non-API entry points in R.
See ‘Writing portable packages’ in the ‘Writing R Extensions’ manual,
and section ‘Moving into C API compliance’ for issues with the use of
non-API entry points.
Flavors: r-devel-linux-x86_64-debian-clang, r-devel-linux-x86_64-debian-gcc, r-devel-linux-x86_64-fedora-clang, r-devel-linux-x86_64-fedora-gcc
Version: 1.0.7
Check: compiled code
Result: NOTE
File 'vdiffr/libs/x64/vdiffr.dll':
Found non-API calls to R: 'Rf_findVarInFrame3', 'SETLENGTH',
'SET_GROWABLE_BIT', 'SET_TRUELENGTH'
Compiled code should not call non-API entry points in R.
See 'Writing portable packages' in the 'Writing R Extensions' manual,
and section 'Moving into C API compliance' for issues with the use of
non-API entry points.
Flavor: r-devel-windows-x86_64