CRAN Package Check Results for Package vectorwavelet

Last updated on 2022-06-25 00:51:01 CEST.

Flavor Version Tinstall Tcheck Ttotal Status Flags
r-devel-linux-x86_64-debian-clang 0.1.0 9.18 79.74 88.92 NOTE
r-devel-linux-x86_64-debian-gcc 0.1.0 6.91 59.39 66.30 NOTE
r-devel-linux-x86_64-fedora-clang 0.1.0 116.25 NOTE
r-devel-linux-x86_64-fedora-gcc 0.1.0 113.06 NOTE
r-devel-windows-x86_64 0.1.0 19.00 99.00 118.00 NOTE
r-patched-linux-x86_64 0.1.0 7.89 74.71 82.60 NOTE
r-release-linux-x86_64 0.1.0 5.68 75.07 80.75 NOTE
r-release-macos-arm64 0.1.0 28.00 NOTE
r-release-macos-x86_64 0.1.0 53.00 NOTE
r-release-windows-x86_64 0.1.0 25.00 102.00 127.00 NOTE
r-oldrel-macos-arm64 0.1.0 36.00 NOTE
r-oldrel-macos-x86_64 0.1.0 50.00 NOTE
r-oldrel-windows-ix86+x86_64 0.1.0 22.00 98.00 120.00 NOTE

Check Details

Version: 0.1.0
Check: LazyData
Result: NOTE
     'LazyData' is specified without a 'data' directory
Flavors: r-devel-linux-x86_64-debian-clang, r-devel-linux-x86_64-debian-gcc, r-devel-linux-x86_64-fedora-clang, r-devel-linux-x86_64-fedora-gcc, r-devel-windows-x86_64, r-patched-linux-x86_64, r-release-linux-x86_64, r-release-macos-arm64, r-release-macos-x86_64, r-release-windows-x86_64, r-oldrel-macos-arm64, r-oldrel-macos-x86_64, r-oldrel-windows-ix86+x86_64

Version: 0.1.0
Check: dependencies in R code
Result: NOTE
    Namespaces in Imports field not imported from:
     ‘Rcpp’ ‘foreach’ ‘iterators’ ‘maps’ ‘spam’
     All declared Imports should be used.
Flavors: r-devel-linux-x86_64-fedora-clang, r-devel-linux-x86_64-fedora-gcc, r-release-macos-arm64, r-release-macos-x86_64, r-oldrel-macos-arm64, r-oldrel-macos-x86_64