Last updated on 2024-08-13 17:48:28 CEST.
Flavor | Version | Tinstall | Tcheck | Ttotal | Status | Flags |
---|---|---|---|---|---|---|
r-devel-linux-x86_64-debian-clang | 1.1.3 | 28.03 | 196.93 | 224.96 | OK | |
r-devel-linux-x86_64-debian-gcc | 1.1.3 | 16.77 | 137.84 | 154.61 | OK | |
r-devel-linux-x86_64-fedora-clang | 1.1.3 | 369.90 | NOTE | |||
r-devel-linux-x86_64-fedora-gcc | 1.1.3 | 386.01 | NOTE | |||
r-devel-windows-x86_64 | 1.1.3 | 32.00 | 222.00 | 254.00 | OK | |
r-patched-linux-x86_64 | 1.1.3 | 27.22 | 199.23 | 226.45 | OK | |
r-release-linux-x86_64 | 1.1.3 | 23.56 | 200.32 | 223.88 | OK | |
r-release-macos-arm64 | 1.1.3 | 103.00 | NOTE | |||
r-release-macos-x86_64 | 1.1.3 | 158.00 | NOTE | |||
r-release-windows-x86_64 | 1.1.3 | 33.00 | 220.00 | 253.00 | OK | |
r-oldrel-macos-arm64 | 1.1.3 | 105.00 | NOTE | |||
r-oldrel-macos-x86_64 | 1.1.3 | 221.00 | NOTE | |||
r-oldrel-windows-x86_64 | 1.1.3 | 37.00 | 275.00 | 312.00 | OK |
Version: 1.1.3
Check: data for non-ASCII characters
Result: NOTE
Note: found 49 marked UTF-8 strings
Flavors: r-devel-linux-x86_64-fedora-clang, r-devel-linux-x86_64-fedora-gcc
Version: 1.1.3
Check: installed package size
Result: NOTE
installed size is 5.2Mb
sub-directories of 1Mb or more:
R 3.4Mb
help 1.1Mb
Flavors: r-release-macos-arm64, r-release-macos-x86_64, r-oldrel-macos-arm64, r-oldrel-macos-x86_64