CRAN Package Check Results for Package versus

Last updated on 2024-06-20 08:55:02 CEST.

Flavor Version Tinstall Tcheck Ttotal Status Flags
r-devel-linux-x86_64-debian-clang 0.3.0 7.00 70.93 77.93 OK
r-devel-linux-x86_64-debian-gcc 0.3.0 5.84 51.46 57.30 NOTE
r-devel-linux-x86_64-fedora-clang 0.3.0 104.10 NOTE
r-devel-linux-x86_64-fedora-gcc 0.3.0 97.25 NOTE
r-devel-windows-x86_64 0.3.0 12.00 69.00 81.00 NOTE
r-patched-linux-x86_64 0.3.0 8.54 67.02 75.56 OK
r-release-linux-x86_64 0.3.0 7.56 65.07 72.63 OK
r-release-macos-arm64 0.3.0 32.00 OK
r-release-macos-x86_64 0.3.0 46.00 OK
r-release-windows-x86_64 0.3.0 11.00 75.00 86.00 OK
r-oldrel-macos-arm64 0.3.0 39.00 OK
r-oldrel-macos-x86_64 0.3.0 58.00 OK
r-oldrel-windows-x86_64 0.3.0 11.00 82.00 93.00 OK

Check Details

Version: 0.3.0
Check: compiled code
Result: NOTE File ‘versus/libs/versus.so’: Found non-API call to R: ‘STRING_PTR’ Compiled code should not call non-API entry points in R. See ‘Writing portable packages’ in the ‘Writing R Extensions’ manual. Flavors: r-devel-linux-x86_64-debian-gcc, r-devel-linux-x86_64-fedora-clang, r-devel-linux-x86_64-fedora-gcc

Version: 0.3.0
Check: compiled code
Result: NOTE File 'versus/libs/x64/versus.dll': Found non-API call to R: 'STRING_PTR' Compiled code should not call non-API entry points in R. See 'Writing portable packages' in the 'Writing R Extensions' manual. Flavor: r-devel-windows-x86_64