Last updated on 2024-03-28 15:50:04 CET.
Flavor | Version | Tinstall | Tcheck | Ttotal | Status | Flags |
---|---|---|---|---|---|---|
r-devel-linux-x86_64-debian-clang | 1.4.0 | 10.69 | 93.91 | 104.60 | NOTE | |
r-devel-linux-x86_64-debian-gcc | 1.4.0 | 8.60 | 72.19 | 80.79 | NOTE | |
r-devel-linux-x86_64-fedora-clang | 1.4.0 | 130.43 | NOTE | |||
r-devel-linux-x86_64-fedora-gcc | 1.4.0 | 128.56 | NOTE | |||
r-devel-windows-x86_64 | 1.4.0 | 10.00 | 94.00 | 104.00 | NOTE | |
r-patched-linux-x86_64 | 1.4.0 | 12.29 | 92.50 | 104.79 | NOTE | |
r-release-linux-x86_64 | 1.4.0 | 12.43 | 92.22 | 104.65 | NOTE | |
r-release-macos-arm64 | 1.4.0 | 43.00 | NOTE | |||
r-release-macos-x86_64 | 1.4.0 | 70.00 | NOTE | |||
r-release-windows-x86_64 | 1.4.0 | 13.00 | 115.00 | 128.00 | NOTE | |
r-oldrel-macos-arm64 | 1.4.0 | 37.00 | NOTE | |||
r-oldrel-windows-x86_64 | 1.4.0 | 13.00 | 114.00 | 127.00 | NOTE |
Version: 1.4.0
Check: LazyData
Result: NOTE
'LazyData' is specified without a 'data' directory
Flavors: r-devel-linux-x86_64-debian-clang, r-devel-linux-x86_64-debian-gcc, r-devel-linux-x86_64-fedora-clang, r-devel-linux-x86_64-fedora-gcc, r-devel-windows-x86_64, r-patched-linux-x86_64, r-release-linux-x86_64, r-release-macos-arm64, r-release-macos-x86_64, r-release-windows-x86_64, r-oldrel-macos-arm64, r-oldrel-windows-x86_64