CRAN Package Check Results for Package vfinputs

Last updated on 2023-05-28 23:14:13 CEST.

Flavor Version Tinstall Tcheck Ttotal Status Flags
r-devel-linux-x86_64-debian-clang 0.1.0 4.47 41.45 45.92 NOTE
r-devel-linux-x86_64-debian-gcc 0.1.0 3.05 32.48 35.53 NOTE
r-devel-linux-x86_64-fedora-clang 0.1.0 62.45 NOTE
r-devel-linux-x86_64-fedora-gcc 0.1.0 54.58 NOTE
r-devel-windows-x86_64 0.1.0 6.00 53.00 59.00 NOTE
r-patched-linux-x86_64 0.1.0 3.90 40.15 44.05 NOTE
r-release-linux-x86_64 0.1.0 4.57 39.73 44.30 NOTE
r-release-macos-arm64 0.1.0 22.00 NOTE
r-release-macos-x86_64 0.1.0 33.00 NOTE
r-release-windows-x86_64 0.1.0 7.00 58.00 65.00 NOTE
r-oldrel-macos-arm64 0.1.0 20.00 NOTE
r-oldrel-macos-x86_64 0.1.0 37.00 NOTE
r-oldrel-windows-x86_64 0.1.0 7.00 61.00 68.00 NOTE

Check Details

Version: 0.1.0
Check: LazyData
Result: NOTE
     'LazyData' is specified without a 'data' directory
Flavors: r-devel-linux-x86_64-debian-clang, r-devel-linux-x86_64-debian-gcc, r-devel-linux-x86_64-fedora-clang, r-devel-linux-x86_64-fedora-gcc, r-devel-windows-x86_64, r-patched-linux-x86_64, r-release-linux-x86_64, r-release-macos-arm64, r-release-macos-x86_64, r-release-windows-x86_64, r-oldrel-macos-arm64, r-oldrel-macos-x86_64, r-oldrel-windows-x86_64