Last updated on 2024-04-24 00:56:02 CEST.
Flavor | Version | Tinstall | Tcheck | Ttotal | Status | Flags |
---|---|---|---|---|---|---|
r-devel-linux-x86_64-debian-clang | 0.1.0 | 5.00 | 42.55 | 47.55 | NOTE | |
r-devel-linux-x86_64-debian-gcc | 0.1.0 | 3.85 | 32.22 | 36.07 | NOTE | |
r-devel-linux-x86_64-fedora-clang | 0.1.0 | 60.18 | NOTE | |||
r-devel-linux-x86_64-fedora-gcc | 0.1.0 | 56.83 | NOTE | |||
r-prerel-macos-arm64 | 0.1.0 | 25.00 | NOTE | |||
r-prerel-windows-x86_64 | 0.1.0 | 8.00 | 54.00 | 62.00 | NOTE | |
r-patched-linux-x86_64 | 0.1.0 | 4.49 | 41.05 | 45.54 | NOTE | |
r-release-linux-x86_64 | 0.1.0 | 4.38 | 40.90 | 45.28 | NOTE | |
r-release-macos-arm64 | 0.1.0 | 22.00 | NOTE | |||
r-release-macos-x86_64 | 0.1.0 | 33.00 | NOTE | |||
r-release-windows-x86_64 | 0.1.0 | 7.00 | 58.00 | 65.00 | NOTE | |
r-oldrel-macos-arm64 | 0.1.0 | 20.00 | NOTE | |||
r-oldrel-windows-x86_64 | 0.1.0 | 8.00 | 120.00 | 128.00 | NOTE |
Version: 0.1.0
Check: LazyData
Result: NOTE
'LazyData' is specified without a 'data' directory
Flavors: r-devel-linux-x86_64-debian-clang, r-devel-linux-x86_64-debian-gcc, r-devel-linux-x86_64-fedora-clang, r-devel-linux-x86_64-fedora-gcc, r-prerel-macos-arm64, r-prerel-windows-x86_64, r-patched-linux-x86_64, r-release-linux-x86_64, r-release-macos-arm64, r-release-macos-x86_64, r-release-windows-x86_64, r-oldrel-macos-arm64, r-oldrel-windows-x86_64