Last updated on 2023-05-28 23:14:13 CEST.
Flavor | Version | Tinstall | Tcheck | Ttotal | Status | Flags |
---|---|---|---|---|---|---|
r-devel-linux-x86_64-debian-clang | 1.0.0 | 22.79 | 213.81 | 236.60 | NOTE | |
r-devel-linux-x86_64-debian-gcc | 1.0.0 | 16.37 | 160.26 | 176.63 | NOTE | |
r-devel-linux-x86_64-fedora-clang | 1.0.0 | 287.42 | NOTE | |||
r-devel-linux-x86_64-fedora-gcc | 1.0.0 | 279.93 | NOTE | |||
r-devel-windows-x86_64 | 1.0.0 | 19.00 | 149.00 | 168.00 | NOTE | |
r-patched-linux-x86_64 | 1.0.0 | 18.31 | 198.45 | 216.76 | NOTE | |
r-release-linux-x86_64 | 1.0.0 | 14.89 | 199.67 | 214.56 | NOTE | |
r-release-macos-arm64 | 1.0.0 | 82.00 | NOTE | |||
r-release-macos-x86_64 | 1.0.0 | 165.00 | NOTE | |||
r-release-windows-x86_64 | 1.0.0 | 25.00 | 205.00 | 230.00 | NOTE | |
r-oldrel-macos-arm64 | 1.0.0 | 54.00 | NOTE | |||
r-oldrel-macos-x86_64 | 1.0.0 | 11.00 | ERROR | |||
r-oldrel-windows-x86_64 | 1.0.0 | 24.00 | 196.00 | 220.00 | NOTE |
Version: 1.0.0
Check: LazyData
Result: NOTE
'LazyData' is specified without a 'data' directory
Flavors: r-devel-linux-x86_64-debian-clang, r-devel-linux-x86_64-debian-gcc, r-devel-linux-x86_64-fedora-clang, r-devel-linux-x86_64-fedora-gcc, r-devel-windows-x86_64, r-patched-linux-x86_64, r-release-linux-x86_64, r-release-macos-arm64, r-release-macos-x86_64, r-release-windows-x86_64, r-oldrel-macos-arm64, r-oldrel-windows-x86_64
Version: 1.0.0
Check: package dependencies
Result: ERROR
Package required but not available: ‘coRdon’
See section ‘The DESCRIPTION file’ in the ‘Writing R Extensions’
manual.
Flavor: r-oldrel-macos-x86_64