Last updated on 2023-09-25 09:05:04 CEST.
Flavor | Version | Tinstall | Tcheck | Ttotal | Status | Flags |
---|---|---|---|---|---|---|
r-devel-linux-x86_64-debian-clang | 0.3.0 | 5.29 | 46.15 | 51.44 | OK | |
r-devel-linux-x86_64-debian-gcc | 0.3.0 | 4.57 | 35.91 | 40.48 | OK | |
r-devel-linux-x86_64-fedora-clang | 0.3.0 | 61.36 | NOTE | |||
r-devel-linux-x86_64-fedora-gcc | 0.3.0 | 60.29 | NOTE | |||
r-devel-windows-x86_64 | 0.3.0 | 8.00 | 54.00 | 62.00 | OK | |
r-patched-linux-x86_64 | 0.3.0 | 4.28 | 43.53 | 47.81 | OK | |
r-release-linux-x86_64 | 0.3.0 | 3.34 | 43.92 | 47.26 | OK | |
r-release-macos-arm64 | 0.3.0 | 24.00 | OK | |||
r-release-macos-x86_64 | 0.3.0 | 32.00 | OK | |||
r-release-windows-x86_64 | 0.3.0 | 8.00 | 60.00 | 68.00 | OK | |
r-oldrel-macos-arm64 | 0.3.0 | 23.00 | NOTE | |||
r-oldrel-macos-x86_64 | 0.3.0 | 34.00 | NOTE | |||
r-oldrel-windows-x86_64 | 0.3.0 | 8.00 | 65.00 | 73.00 | OK |
Version: 0.3.0
Check: data for non-ASCII characters
Result: NOTE
Note: found 2 marked UTF-8 strings
Flavors: r-devel-linux-x86_64-fedora-clang, r-devel-linux-x86_64-fedora-gcc, r-oldrel-macos-arm64, r-oldrel-macos-x86_64