Last updated on 2023-10-04 00:58:40 CEST.
Flavor | Version | Tinstall | Tcheck | Ttotal | Status | Flags |
---|---|---|---|---|---|---|
r-devel-linux-x86_64-debian-clang | 0.7.0 | 11.66 | 85.02 | 96.68 | NOTE | |
r-devel-linux-x86_64-debian-gcc | 0.7.0 | 8.73 | 63.04 | 71.77 | NOTE | |
r-devel-linux-x86_64-fedora-clang | 0.7.0 | 115.55 | NOTE | |||
r-devel-linux-x86_64-fedora-gcc | 0.7.0 | 111.03 | NOTE | |||
r-devel-windows-x86_64 | 0.7.0 | 13.00 | 79.00 | 92.00 | NOTE | |
r-patched-linux-x86_64 | 0.7.0 | 8.20 | 79.41 | 87.61 | OK | |
r-release-linux-x86_64 | 0.7.0 | 9.02 | 78.73 | 87.75 | OK | |
r-release-macos-arm64 | 0.7.0 | 21.00 | OK | |||
r-release-macos-x86_64 | 0.7.0 | 49.00 | OK | |||
r-release-windows-x86_64 | 0.7.0 | 16.00 | 94.00 | 110.00 | OK | |
r-oldrel-macos-arm64 | 0.7.0 | 22.00 | OK | |||
r-oldrel-macos-x86_64 | 0.7.0 | 49.00 | OK | |||
r-oldrel-windows-x86_64 | 0.7.0 | 15.00 | 97.00 | 112.00 | OK |
Version: 0.7.0
Check: Rd \usage sections
Result: NOTE
Documented arguments not in \usage in documentation object 'boxplot_VICI':
‘res_2plot’
Functions with \usage entries need to have the appropriate \alias
entries, and all their arguments documented.
The \usage entries must correspond to syntactically valid R code.
See chapter ‘Writing R documentation files’ in the ‘Writing R
Extensions’ manual.
Flavors: r-devel-linux-x86_64-debian-clang, r-devel-linux-x86_64-debian-gcc, r-devel-linux-x86_64-fedora-clang, r-devel-linux-x86_64-fedora-gcc, r-devel-windows-x86_64