CRAN Package Check Results for Package vinereg

Last updated on 2021-10-27 20:49:51 CEST.

Flavor Version Tinstall Tcheck Ttotal Status Flags
r-devel-linux-x86_64-debian-clang 0.7.4 133.21 57.72 190.93 OK
r-devel-linux-x86_64-debian-gcc 0.7.4 109.47 45.92 155.39 OK
r-devel-linux-x86_64-fedora-clang 0.7.4 303.94 NOTE
r-devel-linux-x86_64-fedora-gcc 0.7.4 296.65 OK
r-devel-windows-x86_64 0.7.4 159.00 96.00 255.00 NOTE
r-devel-windows-x86_64-gcc10-UCRT 0.7.4 OK
r-patched-linux-x86_64 0.7.4 127.68 59.10 186.78 OK
r-patched-solaris-x86 0.7.4 257.10 OK
r-release-linux-x86_64 0.7.4 132.20 59.58 191.78 OK
r-release-macos-arm64 0.7.4 NOTE
r-release-macos-x86_64 0.7.4 NOTE
r-release-windows-ix86+x86_64 0.7.4 235.00 171.00 406.00 NOTE
r-oldrel-macos-x86_64 0.7.4 NOTE
r-oldrel-windows-ix86+x86_64 0.7.4 228.00 177.00 405.00 NOTE

Check Details

Version: 0.7.4
Check: installed package size
Result: NOTE
     installed size is 44.5Mb
     sub-directories of 1Mb or more:
     libs 44.1Mb
Flavors: r-devel-linux-x86_64-fedora-clang, r-devel-windows-x86_64, r-release-macos-arm64, r-release-macos-x86_64, r-release-windows-ix86+x86_64, r-oldrel-macos-x86_64, r-oldrel-windows-ix86+x86_64