Last updated on 2024-03-28 23:55:23 CET.
Flavor | Version | Tinstall | Tcheck | Ttotal | Status | Flags |
---|---|---|---|---|---|---|
r-devel-linux-x86_64-debian-clang | 1.1.5 | 15.41 | 129.65 | 145.06 | OK | |
r-devel-linux-x86_64-debian-gcc | 1.1.5 | 12.96 | 96.17 | 109.13 | OK | |
r-devel-linux-x86_64-fedora-clang | 1.1.5 | 173.84 | NOTE | |||
r-devel-linux-x86_64-fedora-gcc | 1.1.5 | 175.22 | NOTE | |||
r-devel-windows-x86_64 | 1.1.5 | 16.00 | 115.00 | 131.00 | OK | |
r-patched-linux-x86_64 | 1.1.5 | 20.17 | 124.95 | 145.12 | OK | |
r-release-linux-x86_64 | 1.1.5 | 11.07 | 123.21 | 134.28 | OK | |
r-release-macos-arm64 | 1.1.5 | 55.00 | OK | |||
r-release-macos-x86_64 | 1.1.5 | 89.00 | OK | |||
r-release-windows-x86_64 | 1.1.5 | 20.00 | 149.00 | 169.00 | OK | |
r-oldrel-macos-arm64 | 1.1.5 | 54.00 | OK | |||
r-oldrel-windows-x86_64 | 1.1.5 | 21.00 | 149.00 | 170.00 | OK |
Version: 1.1.5
Check: compiled code
Result: NOTE
File ‘vines/libs/vines.so’:
Found no call to: ‘R_useDynamicSymbols’
It is good practice to register native routines and to disable symbol
search.
See ‘Writing portable packages’ in the ‘Writing R Extensions’ manual.
Flavors: r-devel-linux-x86_64-fedora-clang, r-devel-linux-x86_64-fedora-gcc