Last updated on 2024-03-28 23:55:23 CET.
Flavor | Version | Tinstall | Tcheck | Ttotal | Status | Flags |
---|---|---|---|---|---|---|
r-devel-linux-x86_64-debian-clang | 0.4.2 | 1.65 | 26.22 | 27.87 | NOTE | |
r-devel-linux-x86_64-debian-gcc | 0.4.2 | 1.03 | 20.48 | 21.51 | NOTE | |
r-devel-linux-x86_64-fedora-clang | 0.4.2 | 35.64 | NOTE | |||
r-devel-linux-x86_64-fedora-gcc | 0.4.2 | 35.11 | NOTE | |||
r-devel-windows-x86_64 | 0.4.2 | 4.00 | 42.00 | 46.00 | NOTE | |
r-patched-linux-x86_64 | 0.4.2 | 1.70 | 25.29 | 26.99 | NOTE | |
r-release-linux-x86_64 | 0.4.2 | 2.17 | 25.62 | 27.79 | OK | |
r-release-macos-arm64 | 0.4.2 | 26.00 | OK | |||
r-release-macos-x86_64 | 0.4.2 | 45.00 | OK | |||
r-release-windows-x86_64 | 0.4.2 | 4.00 | 44.00 | 48.00 | OK | |
r-oldrel-macos-arm64 | 0.4.2 | 27.00 | OK | |||
r-oldrel-windows-x86_64 | 0.4.2 | 4.00 | 48.00 | 52.00 | OK |
Version: 0.4.2
Check: Rd files
Result: NOTE
checkRd: (-1) viridis.Rd:50: Lost braces in \itemize; meant \describe ?
checkRd: (-1) viridis.Rd:51: Lost braces in \itemize; meant \describe ?
checkRd: (-1) viridis.Rd:52: Lost braces in \itemize; meant \describe ?
checkRd: (-1) viridis.Rd:53: Lost braces in \itemize; meant \describe ?
checkRd: (-1) viridis.Rd:54: Lost braces in \itemize; meant \describe ?
checkRd: (-1) viridis.Rd:55: Lost braces in \itemize; meant \describe ?
checkRd: (-1) viridis.Rd:56: Lost braces in \itemize; meant \describe ?
checkRd: (-1) viridis.Rd:57: Lost braces in \itemize; meant \describe ?
checkRd: (-1) viridis.map.Rd:24-30: Lost braces in \itemize; meant \describe ?
checkRd: (-1) viridis.map.Rd:31-34: Lost braces in \itemize; meant \describe ?
checkRd: (-1) viridis.map.Rd:35: Lost braces in \itemize; meant \describe ?
checkRd: (-1) viridis.map.Rd:36-37: Lost braces in \itemize; meant \describe ?
checkRd: (-1) viridis.map.Rd:10: Lost braces in \itemize; meant \describe ?
checkRd: (-1) viridis.map.Rd:11: Lost braces in \itemize; meant \describe ?
checkRd: (-1) viridis.map.Rd:12: Lost braces in \itemize; meant \describe ?
checkRd: (-1) viridis.map.Rd:13-14: Lost braces in \itemize; meant \describe ?
checkRd: (-1) viridis.map.Rd:42: Lost braces in \itemize; meant \describe ?
checkRd: (-1) viridis.map.Rd:43: Lost braces in \itemize; meant \describe ?
checkRd: (-1) viridis.map.Rd:44: Lost braces in \itemize; meant \describe ?
checkRd: (-1) viridis.map.Rd:45: Lost braces in \itemize; meant \describe ?
Flavors: r-devel-linux-x86_64-debian-clang, r-devel-linux-x86_64-debian-gcc, r-devel-linux-x86_64-fedora-clang, r-devel-linux-x86_64-fedora-gcc, r-devel-windows-x86_64, r-patched-linux-x86_64