CRAN Package Check Results for Package visNetwork

Last updated on 2021-09-17 20:49:34 CEST.

Flavor Version Tinstall Tcheck Ttotal Status Flags
r-devel-linux-x86_64-debian-clang 2.0.9 11.09 69.06 80.15 OK
r-devel-linux-x86_64-debian-gcc 2.0.9 7.31 52.21 59.52 OK
r-devel-linux-x86_64-fedora-clang 2.0.9 107.89 NOTE
r-devel-linux-x86_64-fedora-gcc 2.0.9 99.02 OK
r-devel-windows-x86_64 2.0.9 14.00 99.00 113.00 NOTE
r-devel-windows-x86_64-gcc10-UCRT 2.0.9 OK
r-patched-linux-x86_64 2.0.9 12.86 66.95 79.81 OK
r-patched-solaris-x86 2.0.9 120.90 NOTE
r-release-linux-x86_64 2.0.9 8.90 67.40 76.30 OK
r-release-macos-arm64 2.0.9 NOTE
r-release-macos-x86_64 2.0.9 WARN
r-release-windows-ix86+x86_64 2.0.9 17.00 67.00 84.00 NOTE
r-oldrel-macos-x86_64 2.0.9 WARN
r-oldrel-windows-ix86+x86_64 2.0.9 16.00 70.00 86.00 NOTE

Check Details

Version: 2.0.9
Check: installed package size
Result: NOTE
     installed size is 11.2Mb
     sub-directories of 1Mb or more:
     doc 4.3Mb
     docjs 1.4Mb
     htmlwidgets 4.0Mb
Flavors: r-devel-linux-x86_64-fedora-clang, r-devel-windows-x86_64, r-patched-solaris-x86, r-release-macos-arm64, r-release-macos-x86_64, r-release-windows-ix86+x86_64, r-oldrel-macos-x86_64, r-oldrel-windows-ix86+x86_64

Version: 2.0.9
Check: re-building of vignette outputs
Result: WARN
    Error(s) in re-building vignettes:
     ...
    --- re-building ‘Introduction-to-visNetwork.Rmd’ using rmarkdown
    Warning in engine$weave(file, quiet = quiet, encoding = enc) :
     Pandoc (>= 1.12.3) not available. Falling back to R Markdown v1.
    Quitting from lines 22-27 (Introduction-to-visNetwork.Rmd)
    Error: processing vignette 'Introduction-to-visNetwork.Rmd' failed with diagnostics:
    invalid 'path' argument
    --- failed re-building ‘Introduction-to-visNetwork.Rmd’
    
    SUMMARY: processing the following file failed:
     ‘Introduction-to-visNetwork.Rmd’
    
    Error: Vignette re-building failed.
    Execution halted
Flavor: r-release-macos-x86_64

Version: 2.0.9
Check: package dependencies
Result: NOTE
    Package suggested but not available for checking: ‘igraph’
Flavor: r-oldrel-macos-x86_64

Version: 2.0.9
Check: re-building of vignette outputs
Result: WARN
    Error(s) in re-building vignettes:
     ...
    --- re-building ‘Introduction-to-visNetwork.Rmd’ using rmarkdown
    Warning in engine$weave(file, quiet = quiet, encoding = enc) :
     Pandoc (>= 1.12.3) and/or pandoc-citeproc not available. Falling back to R Markdown v1.
    Quitting from lines 22-27 (Introduction-to-visNetwork.Rmd)
    Error: processing vignette 'Introduction-to-visNetwork.Rmd' failed with diagnostics:
    cannot open the connection
    --- failed re-building ‘Introduction-to-visNetwork.Rmd’
    
    SUMMARY: processing the following file failed:
     ‘Introduction-to-visNetwork.Rmd’
    
    Error: Vignette re-building failed.
    Execution halted
Flavor: r-oldrel-macos-x86_64