Last updated on 2024-04-25 00:56:19 CEST.
Flavor | Version | Tinstall | Tcheck | Ttotal | Status | Flags |
---|---|---|---|---|---|---|
r-devel-linux-x86_64-debian-clang | 3.3.0 | 3.91 | 33.03 | 36.94 | OK | |
r-devel-linux-x86_64-debian-gcc | 3.3.0 | 3.26 | 25.86 | 29.12 | OK | |
r-devel-linux-x86_64-fedora-clang | 3.3.0 | 47.36 | NOTE | |||
r-devel-linux-x86_64-fedora-gcc | 3.3.0 | 44.42 | OK | |||
r-devel-windows-x86_64 | 3.3.0 | 6.00 | 49.00 | 55.00 | NOTE | |
r-patched-linux-x86_64 | 3.3.0 | 4.82 | 32.88 | 37.70 | OK | |
r-release-linux-x86_64 | 3.3.0 | 3.15 | 32.70 | 35.85 | OK | |
r-release-macos-arm64 | 3.3.0 | 19.00 | NOTE | |||
r-release-macos-x86_64 | 3.3.0 | 38.00 | NOTE | |||
r-release-windows-x86_64 | 3.3.0 | 7.00 | 50.00 | 57.00 | NOTE | |
r-oldrel-macos-arm64 | 3.3.0 | 25.00 | NOTE | |||
r-oldrel-macos-x86_64 | 3.3.0 | 40.00 | NOTE | |||
r-oldrel-windows-x86_64 | 3.3.0 | 6.00 | 53.00 | 59.00 | NOTE |
Version: 3.3.0
Check: installed package size
Result: NOTE
installed size is 6.6Mb
sub-directories of 1Mb or more:
help 1.3Mb
htmlwidgets 5.2Mb
Flavors: r-devel-linux-x86_64-fedora-clang, r-devel-windows-x86_64, r-release-macos-arm64, r-release-macos-x86_64, r-release-windows-x86_64, r-oldrel-macos-arm64, r-oldrel-macos-x86_64, r-oldrel-windows-x86_64