Last updated on 2024-03-28 00:00:01 CET.
Flavor | Version | Tinstall | Tcheck | Ttotal | Status | Flags |
---|---|---|---|---|---|---|
r-devel-linux-x86_64-debian-clang | 1.1.1 | 24.43 | 87.69 | 112.12 | NOTE | |
r-devel-linux-x86_64-debian-gcc | 1.1.1 | 14.27 | 67.93 | 82.20 | NOTE | |
r-devel-linux-x86_64-fedora-clang | 1.1.1 | 143.09 | NOTE | |||
r-devel-linux-x86_64-fedora-gcc | 1.1.1 | 152.54 | NOTE | |||
r-devel-windows-x86_64 | 1.1.1 | 20.00 | 93.00 | 113.00 | NOTE | |
r-patched-linux-x86_64 | 1.1.1 | 20.01 | 83.62 | 103.63 | OK | |
r-release-linux-x86_64 | 1.1.1 | 21.45 | 82.33 | 103.78 | OK | |
r-release-macos-arm64 | 1.1.1 | 49.00 | OK | |||
r-release-macos-x86_64 | 1.1.1 | 72.00 | OK | |||
r-release-windows-x86_64 | 1.1.1 | 24.00 | 108.00 | 132.00 | OK | |
r-oldrel-macos-arm64 | 1.1.1 | 45.00 | OK | |||
r-oldrel-windows-x86_64 | 1.1.1 | 22.00 | 110.00 | 132.00 | OK |
Version: 1.1.1
Check: Rd files
Result: NOTE
checkRd: (-1) phasePortrait.Rd:350: Lost braces; missing escapes or markup?
350 | \code{vMod = xMod^(1/lambda)} and {vArg = xArg^(1/lambda)}\cr\cr
| ^
Flavors: r-devel-linux-x86_64-debian-clang, r-devel-linux-x86_64-debian-gcc, r-devel-linux-x86_64-fedora-clang, r-devel-linux-x86_64-fedora-gcc, r-devel-windows-x86_64