CRAN Package Check Results for Package vistime

Last updated on 2024-02-29 00:55:58 CET.

Flavor Version Tinstall Tcheck Ttotal Status Flags
r-devel-linux-x86_64-debian-clang 1.2.4 7.93 102.56 110.49 OK
r-devel-linux-x86_64-debian-gcc 1.2.4 6.37 77.27 83.64 OK
r-devel-linux-x86_64-fedora-clang 1.2.4 138.28 NOTE
r-devel-linux-x86_64-fedora-gcc 1.2.4 134.41 OK
r-devel-windows-x86_64 1.2.4 8.00 89.00 97.00 NOTE
r-patched-linux-x86_64 1.2.4 7.60 91.36 98.96 OK
r-release-linux-x86_64 1.2.4 5.80 98.39 104.19 OK
r-release-macos-arm64 1.2.4 53.00 NOTE
r-release-macos-x86_64 1.2.4 86.00 NOTE
r-release-windows-x86_64 1.2.4 10.00 113.00 123.00 NOTE
r-oldrel-macos-arm64 1.2.4 57.00 NOTE
r-oldrel-windows-x86_64 1.2.4 11.00 120.00 131.00 NOTE

Check Details

Version: 1.2.4
Check: installed package size
Result: NOTE installed size is 5.9Mb sub-directories of 1Mb or more: doc 5.5Mb Flavors: r-devel-linux-x86_64-fedora-clang, r-devel-windows-x86_64, r-release-macos-arm64, r-release-macos-x86_64, r-release-windows-x86_64, r-oldrel-macos-arm64, r-oldrel-windows-x86_64