Last updated on 2023-06-05 16:55:11 CEST.
Flavor | Version | Tinstall | Tcheck | Ttotal | Status | Flags |
---|---|---|---|---|---|---|
r-devel-linux-x86_64-debian-clang | 0.1.1 | 11.30 | 112.09 | 123.39 | OK | |
r-devel-linux-x86_64-debian-gcc | 0.1.1 | 8.95 | 84.65 | 93.60 | OK | |
r-devel-linux-x86_64-fedora-clang | 0.1.1 | 154.91 | NOTE | |||
r-devel-linux-x86_64-fedora-gcc | 0.1.1 | 157.29 | OK | |||
r-devel-windows-x86_64 | 0.1.1 | 12.00 | 97.00 | 109.00 | OK | |
r-patched-linux-x86_64 | 0.1.1 | 16.11 | 105.21 | 121.32 | OK | |
r-release-linux-x86_64 | 0.1.1 | 10.94 | 103.91 | 114.85 | OK | |
r-release-macos-arm64 | 0.1.1 | 50.00 | OK | |||
r-release-macos-x86_64 | 0.1.1 | 87.00 | OK | |||
r-release-windows-x86_64 | 0.1.1 | 14.00 | 118.00 | 132.00 | OK | |
r-oldrel-macos-arm64 | 0.1.1 | 53.00 | OK | |||
r-oldrel-macos-x86_64 | 0.1.1 | 66.00 | OK | |||
r-oldrel-windows-x86_64 | 0.1.1 | 14.00 | 121.00 | 135.00 | OK |
Version: 0.1.1
Check: Rd cross-references
Result: NOTE
Undeclared package ‘progress’ in Rd xrefs
Flavor: r-devel-linux-x86_64-fedora-clang