CRAN Package Check Results for Package wISAM

Last updated on 2024-05-22 16:54:07 CEST.

Flavor Version Tinstall Tcheck Ttotal Status Flags
r-devel-linux-x86_64-debian-clang 0.2.8 2.39 39.02 41.41 OK
r-devel-linux-x86_64-debian-gcc 0.2.8 2.25 31.64 33.89 OK
r-devel-linux-x86_64-fedora-clang 0.2.8 52.42 NOTE
r-devel-linux-x86_64-fedora-gcc 0.2.8 52.36 NOTE
r-devel-windows-x86_64 0.2.8 3.00 59.00 62.00 OK
r-patched-linux-x86_64 0.2.8 2.61 40.52 43.13 OK
r-release-linux-x86_64 0.2.8 2.56 40.40 42.96 OK
r-release-macos-arm64 0.2.8 25.00 OK
r-release-windows-x86_64 0.2.8 3.00 59.00 62.00 OK
r-oldrel-macos-arm64 0.2.8 23.00 OK
r-oldrel-macos-x86_64 0.2.8 39.00 OK
r-oldrel-windows-x86_64 0.2.8 4.00 60.00 64.00 OK

Check Details

Version: 0.2.8
Check: dependencies in R code
Result: NOTE Namespace in Imports field not imported from: ‘MASS’ All declared Imports should be used. Flavors: r-devel-linux-x86_64-fedora-clang, r-devel-linux-x86_64-fedora-gcc