CRAN Package Check Results for Package waspr

Last updated on 2023-06-02 16:57:20 CEST.

Flavor Version Tinstall Tcheck Ttotal Status Flags
r-devel-linux-x86_64-debian-clang 1.0.0 46.34 49.66 96.00 NOTE
r-devel-linux-x86_64-debian-gcc 1.0.0 30.84 47.81 78.65 NOTE
r-devel-linux-x86_64-fedora-clang 1.0.0 135.37 NOTE
r-devel-linux-x86_64-fedora-gcc 1.0.0 151.76 NOTE
r-devel-windows-x86_64 1.0.0 36.00 84.00 120.00 NOTE
r-patched-linux-x86_64 1.0.0 NOTE
r-release-linux-x86_64 1.0.0 37.16 57.03 94.19 NOTE
r-release-macos-arm64 1.0.0 42.00 NOTE
r-release-macos-x86_64 1.0.0 81.00 NOTE
r-release-windows-x86_64 1.0.0 47.00 99.00 146.00 NOTE
r-oldrel-macos-arm64 1.0.0 51.00 OK
r-oldrel-macos-x86_64 1.0.0 47.00 NOTE
r-oldrel-windows-x86_64 1.0.0 47.00 105.00 152.00 OK

Check Details

Version: 1.0.0
Check: C++ specification
Result: NOTE
     Specified C++11: please drop specification unless essential
Flavors: r-devel-linux-x86_64-debian-clang, r-devel-linux-x86_64-debian-gcc, r-devel-linux-x86_64-fedora-clang, r-devel-linux-x86_64-fedora-gcc, r-devel-windows-x86_64, r-patched-linux-x86_64, r-release-linux-x86_64, r-release-macos-arm64, r-release-macos-x86_64, r-release-windows-x86_64

Version: 1.0.0
Check: dependencies in R code
Result: NOTE
    Namespace in Imports field not imported from: ‘methods’
     All declared Imports should be used.
Flavors: r-devel-linux-x86_64-fedora-clang, r-devel-linux-x86_64-fedora-gcc, r-oldrel-macos-x86_64