Last updated on 2024-03-28 15:50:05 CET.
Flavor | Version | Tinstall | Tcheck | Ttotal | Status | Flags |
---|---|---|---|---|---|---|
r-devel-linux-x86_64-debian-clang | 3.1.2 | 8.43 | 323.56 | 331.99 | NOTE | |
r-devel-linux-x86_64-debian-gcc | 3.1.2 | 6.29 | 240.21 | 246.50 | NOTE | |
r-devel-linux-x86_64-fedora-clang | 3.1.2 | 433.09 | NOTE | |||
r-devel-linux-x86_64-fedora-gcc | 3.1.2 | 414.22 | NOTE | |||
r-devel-windows-x86_64 | 3.1.2 | 7.00 | 207.00 | 214.00 | NOTE | |
r-patched-linux-x86_64 | 3.1.2 | 9.15 | 325.83 | 334.98 | NOTE | |
r-release-linux-x86_64 | 3.1.2 | 7.54 | 284.37 | 291.91 | OK | |
r-release-macos-arm64 | 3.1.2 | 107.00 | OK | |||
r-release-macos-x86_64 | 3.1.2 | 206.00 | OK | |||
r-release-windows-x86_64 | 3.1.2 | 6.00 | 264.00 | 270.00 | OK | |
r-oldrel-macos-arm64 | 3.1.2 | 189.00 | OK | |||
r-oldrel-windows-x86_64 | 3.1.2 | 10.00 | 269.00 | 279.00 | OK |
Version: 3.1.2
Check: Rd files
Result: NOTE
checkRd: (-1) local.multiple.cross.regression.Rd:40: Lost braces in \itemize; \value handles \item{}{} directly
checkRd: (-1) local.multiple.cross.regression.Rd:41: Lost braces in \itemize; \value handles \item{}{} directly
checkRd: (-1) local.multiple.cross.regression.Rd:42: Lost braces in \itemize; \value handles \item{}{} directly
checkRd: (-1) local.multiple.cross.regression.Rd:46: Lost braces in \itemize; \value handles \item{}{} directly
checkRd: (-1) local.multiple.cross.regression.Rd:47: Lost braces in \itemize; \value handles \item{}{} directly
checkRd: (-1) local.multiple.cross.regression.Rd:48: Lost braces in \itemize; \value handles \item{}{} directly
checkRd: (-1) local.multiple.cross.regression.Rd:49: Lost braces in \itemize; \value handles \item{}{} directly
checkRd: (-1) local.multiple.cross.regression.Rd:50: Lost braces in \itemize; \value handles \item{}{} directly
checkRd: (-1) local.multiple.cross.regression.Rd:51: Lost braces in \itemize; \value handles \item{}{} directly
checkRd: (-1) local.multiple.cross.regression.Rd:52: Lost braces in \itemize; \value handles \item{}{} directly
checkRd: (-1) local.multiple.regression.Rd:40: Lost braces in \itemize; \value handles \item{}{} directly
checkRd: (-1) local.multiple.regression.Rd:41: Lost braces in \itemize; \value handles \item{}{} directly
checkRd: (-1) local.multiple.regression.Rd:42: Lost braces in \itemize; \value handles \item{}{} directly
checkRd: (-1) local.multiple.regression.Rd:46: Lost braces in \itemize; \value handles \item{}{} directly
checkRd: (-1) local.multiple.regression.Rd:47: Lost braces in \itemize; \value handles \item{}{} directly
checkRd: (-1) local.multiple.regression.Rd:48: Lost braces in \itemize; \value handles \item{}{} directly
checkRd: (-1) local.multiple.regression.Rd:49: Lost braces in \itemize; \value handles \item{}{} directly
checkRd: (-1) local.multiple.regression.Rd:50: Lost braces in \itemize; \value handles \item{}{} directly
checkRd: (-1) local.multiple.regression.Rd:51: Lost braces in \itemize; \value handles \item{}{} directly
checkRd: (-1) local.multiple.regression.Rd:52: Lost braces in \itemize; \value handles \item{}{} directly
checkRd: (-1) wave.local.multiple.cross.regression.Rd:43-44: Lost braces in \itemize; \value handles \item{}{} directly
checkRd: (-1) wave.local.multiple.cross.regression.Rd:45: Lost braces in \itemize; \value handles \item{}{} directly
checkRd: (-1) wave.local.multiple.cross.regression.Rd:46: Lost braces in \itemize; \value handles \item{}{} directly
checkRd: (-1) wave.local.multiple.cross.regression.Rd:50: Lost braces in \itemize; \value handles \item{}{} directly
checkRd: (-1) wave.local.multiple.cross.regression.Rd:51: Lost braces in \itemize; \value handles \item{}{} directly
checkRd: (-1) wave.local.multiple.cross.regression.Rd:52: Lost braces in \itemize; \value handles \item{}{} directly
checkRd: (-1) wave.local.multiple.cross.regression.Rd:53: Lost braces in \itemize; \value handles \item{}{} directly
checkRd: (-1) wave.local.multiple.cross.regression.Rd:54: Lost braces in \itemize; \value handles \item{}{} directly
checkRd: (-1) wave.local.multiple.cross.regression.Rd:55: Lost braces in \itemize; \value handles \item{}{} directly
checkRd: (-1) wave.local.multiple.cross.regression.Rd:56: Lost braces in \itemize; \value handles \item{}{} directly
checkRd: (-1) wave.local.multiple.regression.Rd:41-42: Lost braces in \itemize; \value handles \item{}{} directly
checkRd: (-1) wave.local.multiple.regression.Rd:43-44: Lost braces in \itemize; \value handles \item{}{} directly
checkRd: (-1) wave.local.multiple.regression.Rd:45-46: Lost braces in \itemize; \value handles \item{}{} directly
checkRd: (-1) wave.local.multiple.regression.Rd:50: Lost braces in \itemize; \value handles \item{}{} directly
checkRd: (-1) wave.local.multiple.regression.Rd:51: Lost braces in \itemize; \value handles \item{}{} directly
checkRd: (-1) wave.local.multiple.regression.Rd:52: Lost braces in \itemize; \value handles \item{}{} directly
checkRd: (-1) wave.local.multiple.regression.Rd:53: Lost braces in \itemize; \value handles \item{}{} directly
checkRd: (-1) wave.local.multiple.regression.Rd:54: Lost braces in \itemize; \value handles \item{}{} directly
checkRd: (-1) wave.local.multiple.regression.Rd:55: Lost braces in \itemize; \value handles \item{}{} directly
checkRd: (-1) wave.local.multiple.regression.Rd:56: Lost braces in \itemize; \value handles \item{}{} directly
checkRd: (-1) wave.multiple.cross.regression.Rd:27-33: Lost braces in \itemize; \value handles \item{}{} directly
checkRd: (-1) wave.multiple.cross.regression.Rd:34: Lost braces in \itemize; \value handles \item{}{} directly
checkRd: (-1) wave.multiple.cross.regression.Rd:35: Lost braces in \itemize; \value handles \item{}{} directly
checkRd: (-1) wave.multiple.cross.regression.Rd:39: Lost braces in \itemize; \value handles \item{}{} directly
checkRd: (-1) wave.multiple.cross.regression.Rd:40: Lost braces in \itemize; \value handles \item{}{} directly
checkRd: (-1) wave.multiple.cross.regression.Rd:41: Lost braces in \itemize; \value handles \item{}{} directly
checkRd: (-1) wave.multiple.cross.regression.Rd:42: Lost braces in \itemize; \value handles \item{}{} directly
checkRd: (-1) wave.multiple.cross.regression.Rd:43: Lost braces in \itemize; \value handles \item{}{} directly
checkRd: (-1) wave.multiple.cross.regression.Rd:44: Lost braces in \itemize; \value handles \item{}{} directly
checkRd: (-1) wave.multiple.cross.regression.Rd:45: Lost braces in \itemize; \value handles \item{}{} directly
checkRd: (-1) wave.multiple.regression.Rd:40: Lost braces in \itemize; \value handles \item{}{} directly
checkRd: (-1) wave.multiple.regression.Rd:41: Lost braces in \itemize; \value handles \item{}{} directly
checkRd: (-1) wave.multiple.regression.Rd:42: Lost braces in \itemize; \value handles \item{}{} directly
checkRd: (-1) wave.multiple.regression.Rd:43: Lost braces in \itemize; \value handles \item{}{} directly
checkRd: (-1) wave.multiple.regression.Rd:44: Lost braces in \itemize; \value handles \item{}{} directly
checkRd: (-1) wave.multiple.regression.Rd:45: Lost braces in \itemize; \value handles \item{}{} directly
checkRd: (-1) wave.multiple.regression.Rd:46: Lost braces in \itemize; \value handles \item{}{} directly
Flavors: r-devel-linux-x86_64-debian-clang, r-devel-linux-x86_64-debian-gcc, r-devel-linux-x86_64-fedora-clang, r-devel-linux-x86_64-fedora-gcc, r-devel-windows-x86_64, r-patched-linux-x86_64