CRAN Package Check Results for Package wdnet

Last updated on 2024-02-22 00:58:46 CET.

Flavor Version Tinstall Tcheck Ttotal Status Flags
r-devel-linux-x86_64-debian-clang 1.2.2 NOTE
r-devel-linux-x86_64-debian-gcc 1.2.2 96.30 136.00 232.30 NOTE
r-devel-linux-x86_64-fedora-clang 1.2.2 416.57 OK
r-devel-linux-x86_64-fedora-gcc 1.2.2 405.55 OK
r-devel-windows-x86_64 1.2.2 93.00 168.00 261.00 OK
r-patched-linux-x86_64 1.2.2 119.14 183.06 302.20 OK
r-release-linux-x86_64 1.2.2 105.07 183.59 288.66 OK
r-release-macos-arm64 1.2.2 128.00 OK
r-release-macos-x86_64 1.2.2 164.00 OK
r-release-windows-x86_64 1.2.2 114.00 213.00 327.00 OK
r-oldrel-macos-arm64 1.2.2 98.00 OK
r-oldrel-windows-x86_64 1.2.2 111.00 195.00 306.00 OK

Check Details

Version: 1.2.2
Check: Rd files
Result: NOTE checkRd: (-1) centrality.Rd:42-43: Lost braces in \itemize; meant \describe ? checkRd: (-1) centrality.Rd:44-45: Lost braces in \itemize; meant \describe ? checkRd: (-1) centrality.Rd:50-52: Lost braces in \itemize; meant \describe ? checkRd: (-1) centrality.Rd:53-54: Lost braces in \itemize; meant \describe ? checkRd: (-1) centrality.Rd:55-56: Lost braces in \itemize; meant \describe ? checkRd: (-1) centrality.Rd:57-59: Lost braces in \itemize; meant \describe ? checkRd: (-1) centrality.Rd:65-66: Lost braces in \itemize; meant \describe ? checkRd: (-1) centrality.Rd:67-69: Lost braces in \itemize; meant \describe ? checkRd: (-1) centrality.Rd:70-72: Lost braces in \itemize; meant \describe ? checkRd: (-1) clustcoef.Rd:67: Lost braces 67 | \item Barrat, A., Barth\'{e}lemy, M., Pastor-Satorras, | ^ checkRd: (-1) dprewire.Rd:37-40: Lost braces in \itemize; meant \describe ? checkRd: (-1) dprewire.Rd:41-43: Lost braces in \itemize; meant \describe ? checkRd: (-1) dprewire.Rd:44-45: Lost braces in \itemize; meant \describe ? checkRd: (-1) dprewire.Rd:45-48: Lost braces in \itemize; meant \describe ? checkRd: (-1) dprewire.Rd:48-50: Lost braces 48 | is provided.} \item{\code{cvxr_control} {A list of parameters passed to | ^ checkRd: (-1) rpa_control_preference.Rd:69-76: Lost braces in \itemize; meant \describe ? checkRd: (-1) rpa_control_preference.Rd:77-87: Lost braces in \itemize; meant \describe ? Flavors: r-devel-linux-x86_64-debian-clang, r-devel-linux-x86_64-debian-gcc