Last updated on 2023-05-28 23:14:14 CEST.
Flavor | Version | Tinstall | Tcheck | Ttotal | Status | Flags |
---|---|---|---|---|---|---|
r-devel-linux-x86_64-debian-clang | 1.1.0 | 127.86 | 186.15 | 314.01 | OK | |
r-devel-linux-x86_64-debian-gcc | 1.1.0 | 94.09 | 137.45 | 231.54 | OK | |
r-devel-linux-x86_64-fedora-clang | 1.1.0 | 439.25 | OK | |||
r-devel-linux-x86_64-fedora-gcc | 1.1.0 | 416.10 | OK | |||
r-devel-windows-x86_64 | 1.1.0 | 90.00 | 174.00 | 264.00 | OK | |
r-patched-linux-x86_64 | 1.1.0 | 102.15 | 174.22 | 276.37 | OK | |
r-release-linux-x86_64 | 1.1.0 | 97.23 | 174.45 | 271.68 | OK | |
r-release-macos-arm64 | 1.0.0 | 99.00 | NOTE | |||
r-release-macos-x86_64 | 1.0.0 | 177.00 | NOTE | |||
r-release-windows-x86_64 | 1.1.0 | 118.00 | 217.00 | 335.00 | OK | |
r-oldrel-macos-arm64 | 1.0.0 | 85.00 | OK | |||
r-oldrel-macos-x86_64 | 1.1.0 | 122.00 | OK | |||
r-oldrel-windows-x86_64 | 1.1.0 | 110.00 | 201.00 | 311.00 | OK |
Version: 1.0.0
Check: C++ specification
Result: NOTE
Specified C++11: please drop specification unless essential
Flavors: r-release-macos-arm64, r-release-macos-x86_64