CRAN Package Check Results for Package wdnr.gis

Last updated on 2023-09-21 17:55:59 CEST.

Flavor Version Tinstall Tcheck Ttotal Status Flags
r-devel-linux-x86_64-debian-clang 0.1.4 8.54 76.46 85.00 OK
r-devel-linux-x86_64-debian-gcc 0.1.4 6.00 55.22 61.22 OK
r-devel-linux-x86_64-fedora-clang 0.1.4 100.23 NOTE
r-devel-linux-x86_64-fedora-gcc 0.1.4 107.14 NOTE
r-devel-windows-x86_64 0.1.4 9.00 75.00 84.00 OK
r-patched-linux-x86_64 0.1.4 12.61 70.94 83.55 OK
r-release-linux-x86_64 0.1.4 5.11 71.34 76.45 OK
r-release-macos-arm64 0.1.4 40.00 OK
r-release-macos-x86_64 0.1.4 60.00 OK
r-release-windows-x86_64 0.1.4 10.00 86.00 96.00 OK
r-oldrel-macos-arm64 0.1.4 32.00 NOTE
r-oldrel-macos-x86_64 0.1.4 43.00 NOTE
r-oldrel-windows-x86_64 0.1.4 12.00 89.00 101.00 OK

Check Details

Version: 0.1.4
Check: dependencies in R code
Result: NOTE
    Namespaces in Imports field not imported from:
     ‘ggplot2’ ‘httr’ ‘jsonlite’
     All declared Imports should be used.
Flavors: r-devel-linux-x86_64-fedora-clang, r-devel-linux-x86_64-fedora-gcc, r-oldrel-macos-arm64, r-oldrel-macos-x86_64