Last updated on 2024-04-24 16:54:48 CEST.
Flavor | Version | Tinstall | Tcheck | Ttotal | Status | Flags |
---|---|---|---|---|---|---|
r-devel-linux-x86_64-debian-clang | 0.1.5 | 5.90 | 77.75 | 83.65 | OK | |
r-devel-linux-x86_64-debian-gcc | 0.1.5 | 6.01 | 56.94 | 62.95 | OK | |
r-devel-linux-x86_64-fedora-clang | 0.1.5 | 106.72 | NOTE | |||
r-devel-linux-x86_64-fedora-gcc | 0.1.5 | 112.27 | NOTE | |||
r-devel-windows-x86_64 | 0.1.5 | 9.00 | 76.00 | 85.00 | OK | |
r-patched-linux-x86_64 | 0.1.5 | 11.39 | 74.88 | 86.27 | OK | |
r-release-linux-x86_64 | 0.1.5 | 5.29 | 73.68 | 78.97 | OK | |
r-release-macos-arm64 | 0.1.5 | 37.00 | OK | |||
r-release-windows-x86_64 | 0.1.5 | 10.00 | 76.00 | 86.00 | OK | |
r-oldrel-macos-arm64 | 0.1.5 | 46.00 | OK | |||
r-oldrel-macos-x86_64 | 0.1.5 | 69.00 | OK | |||
r-oldrel-windows-x86_64 | 0.1.5 | 10.00 | 83.00 | 93.00 | OK |
Version: 0.1.5
Check: dependencies in R code
Result: NOTE
Namespace in Imports field not imported from: ‘ggplot2’
All declared Imports should be used.
Flavors: r-devel-linux-x86_64-fedora-clang, r-devel-linux-x86_64-fedora-gcc