Last updated on 2024-03-28 15:50:05 CET.
Flavor | Version | Tinstall | Tcheck | Ttotal | Status | Flags |
---|---|---|---|---|---|---|
r-devel-linux-x86_64-debian-clang | 1.1-4 | 46.55 | 655.67 | 702.22 | NOTE | |
r-devel-linux-x86_64-debian-gcc | 1.1-4 | 35.70 | 467.03 | 502.73 | NOTE | |
r-devel-linux-x86_64-fedora-clang | 1.1-4 | 946.73 | NOTE | |||
r-devel-linux-x86_64-fedora-gcc | 1.1-4 | 898.07 | NOTE | |||
r-devel-windows-x86_64 | 1.1-4 | 39.00 | 397.00 | 436.00 | NOTE | |
r-patched-linux-x86_64 | 1.1-4 | 44.97 | 611.66 | 656.63 | NOTE | |
r-release-linux-x86_64 | 1.1-4 | 61.00 | 620.54 | 681.54 | OK | |
r-release-macos-arm64 | 1.1-4 | 211.00 | OK | |||
r-release-macos-x86_64 | 1.1-4 | 391.00 | OK | |||
r-release-windows-x86_64 | 1.1-4 | 41.00 | 520.00 | 561.00 | OK | |
r-oldrel-macos-arm64 | 1.1-4 | 201.00 | OK | |||
r-oldrel-windows-x86_64 | 1.1-4 | 43.00 | 526.00 | 569.00 | OK |
Version: 1.1-4
Check: Rd files
Result: NOTE
checkRd: (-1) predict.SDMfit.Rd:23: Lost braces in \itemize; \value handles \item{}{} directly
checkRd: (-1) predict.SDMfit.Rd:24: Lost braces in \itemize; \value handles \item{}{} directly
Flavors: r-devel-linux-x86_64-debian-clang, r-devel-linux-x86_64-debian-gcc, r-devel-linux-x86_64-fedora-clang, r-devel-linux-x86_64-fedora-gcc, r-devel-windows-x86_64, r-patched-linux-x86_64