Last updated on 2024-04-19 08:55:00 CEST.
Flavor | Version | Tinstall | Tcheck | Ttotal | Status | Flags |
---|---|---|---|---|---|---|
r-devel-linux-x86_64-debian-clang | 1.9.1 | 17.05 | 92.09 | 109.14 | NOTE | |
r-devel-linux-x86_64-debian-gcc | 1.9.1 | NOTE | ||||
r-devel-linux-x86_64-fedora-clang | 1.9.1 | 135.95 | NOTE | |||
r-devel-linux-x86_64-fedora-gcc | 1.9.1 | 128.61 | NOTE | |||
r-prerel-macos-arm64 | 1.9.1 | 40.00 | NOTE | |||
r-prerel-windows-x86_64 | 1.9.1 | 16.00 | 83.00 | 99.00 | NOTE | |
r-patched-linux-x86_64 | 1.9.1 | 13.17 | 89.31 | 102.48 | NOTE | |
r-release-linux-x86_64 | 1.9.1 | 15.18 | 91.66 | 106.84 | NOTE | |
r-release-macos-arm64 | 1.9.1 | 43.00 | NOTE | |||
r-release-macos-x86_64 | 1.9.1 | 67.00 | NOTE | |||
r-release-windows-x86_64 | 1.9.1 | 22.00 | 96.00 | 118.00 | NOTE | |
r-oldrel-macos-arm64 | 1.9.1 | 39.00 | NOTE | |||
r-oldrel-windows-x86_64 | 1.9.1 | 20.00 | 97.00 | 117.00 | NOTE |
Version: 1.9.1
Check: LazyData
Result: NOTE
'LazyData' is specified without a 'data' directory
Flavors: r-devel-linux-x86_64-debian-clang, r-devel-linux-x86_64-debian-gcc, r-devel-linux-x86_64-fedora-clang, r-devel-linux-x86_64-fedora-gcc, r-prerel-macos-arm64, r-prerel-windows-x86_64, r-patched-linux-x86_64, r-release-linux-x86_64, r-release-macos-arm64, r-release-macos-x86_64, r-release-windows-x86_64, r-oldrel-macos-arm64, r-oldrel-windows-x86_64