CRAN Package Check Results for Package whereami

Last updated on 2021-10-18 04:54:39 CEST.

Flavor Version Tinstall Tcheck Ttotal Status Flags
r-devel-linux-x86_64-debian-clang 0.1.9 2.76 36.16 38.92 NOTE
r-devel-linux-x86_64-debian-gcc 0.1.9 2.20 28.70 30.90 NOTE
r-devel-linux-x86_64-fedora-clang 0.1.9 57.28 NOTE
r-devel-linux-x86_64-fedora-gcc 0.1.9 46.76 NOTE
r-devel-windows-x86_64 0.1.9 5.00 53.00 58.00 NOTE
r-devel-windows-x86_64-gcc10-UCRT 0.1.9 NOTE
r-patched-linux-x86_64 0.1.9 2.20 37.96 40.16 NOTE
r-patched-solaris-x86 0.1.9 76.60 NOTE
r-release-linux-x86_64 0.1.9 2.17 37.80 39.97 NOTE
r-release-macos-arm64 0.1.9 NOTE
r-release-macos-x86_64 0.1.9 NOTE
r-release-windows-ix86+x86_64 0.1.9 5.00 60.00 65.00 NOTE
r-oldrel-macos-x86_64 0.1.9 OK
r-oldrel-windows-ix86+x86_64 0.1.9 7.00 60.00 67.00 OK

Check Details

Version: 0.1.9
Check: LazyData
Result: NOTE
     'LazyData' is specified without a 'data' directory
Flavors: r-devel-linux-x86_64-debian-clang, r-devel-linux-x86_64-debian-gcc, r-devel-linux-x86_64-fedora-clang, r-devel-linux-x86_64-fedora-gcc, r-devel-windows-x86_64, r-devel-windows-x86_64-gcc10-UCRT, r-patched-linux-x86_64, r-patched-solaris-x86, r-release-linux-x86_64, r-release-macos-arm64, r-release-macos-x86_64, r-release-windows-ix86+x86_64